Last updated on 2024-08-05 09:48:10 CEST.
Flavor | Version | Tinstall | Tcheck | Ttotal | Status | Flags |
---|---|---|---|---|---|---|
r-devel-linux-x86_64-debian-clang | 0.1.0 | 12.68 | 130.82 | 143.50 | NOTE | |
r-devel-linux-x86_64-debian-gcc | 0.1.0 | 8.74 | 78.67 | 87.41 | NOTE | |
r-devel-linux-x86_64-fedora-gcc | 0.1.0 | 170.92 | NOTE | |||
r-devel-windows-x86_64 | 0.1.0 | 14.00 | 104.00 | 118.00 | NOTE | |
r-patched-linux-x86_64 | 0.1.0 | 12.54 | 96.43 | 108.97 | NOTE | |
r-release-linux-x86_64 | 0.1.0 | 9.77 | 121.77 | 131.54 | NOTE | |
r-release-macos-arm64 | 0.1.0 | 50.00 | NOTE | |||
r-release-macos-x86_64 | 0.1.0 | 79.00 | NOTE | |||
r-release-windows-x86_64 | 0.1.0 | 14.00 | 102.00 | 116.00 | NOTE | |
r-oldrel-macos-arm64 | 0.1.0 | 59.00 | NOTE | |||
r-oldrel-macos-x86_64 | 0.1.0 | 88.00 | NOTE | |||
r-oldrel-windows-x86_64 | 0.1.0 | 20.00 | 128.00 | 148.00 | NOTE |
Version: 0.1.0
Check: LazyData
Result: NOTE
'LazyData' is specified without a 'data' directory
Flavors: r-devel-linux-x86_64-debian-clang, r-devel-linux-x86_64-debian-gcc, r-devel-linux-x86_64-fedora-gcc, r-devel-windows-x86_64, r-patched-linux-x86_64, r-release-linux-x86_64, r-release-macos-arm64, r-release-macos-x86_64, r-release-windows-x86_64, r-oldrel-macos-arm64, r-oldrel-macos-x86_64, r-oldrel-windows-x86_64