Last updated on 2024-08-05 09:48:10 CEST.
Flavor | Version | Tinstall | Tcheck | Ttotal | Status | Flags |
---|---|---|---|---|---|---|
r-devel-linux-x86_64-debian-clang | 1.1.5 | 3.54 | 52.02 | 55.56 | OK | |
r-devel-linux-x86_64-debian-gcc | 1.1.5 | 2.40 | 27.54 | 29.94 | NOTE | |
r-devel-linux-x86_64-fedora-gcc | 1.1.5 | 64.97 | OK | |||
r-devel-windows-x86_64 | 1.1.5 | 4.00 | 65.00 | 69.00 | NOTE | |
r-patched-linux-x86_64 | 1.1.5 | 3.43 | 38.18 | 41.61 | OK | |
r-release-linux-x86_64 | 1.1.5 | 2.71 | 49.24 | 51.95 | OK | |
r-release-macos-arm64 | 1.1.5 | 22.00 | OK | |||
r-release-macos-x86_64 | 1.1.5 | 35.00 | OK | |||
r-release-windows-x86_64 | 1.1.5 | 6.00 | 63.00 | 69.00 | OK | |
r-oldrel-macos-arm64 | 1.1.5 | 28.00 | OK | |||
r-oldrel-macos-x86_64 | 1.1.5 | 66.00 | OK | |||
r-oldrel-windows-x86_64 | 1.1.5 | 4.00 | 65.00 | 69.00 | OK |
Version: 1.1.5
Check: Rd cross-references
Result: NOTE
Found the following Rd file(s) with Rd \link{} targets missing package
anchors:
VARselect.Rd: lm.ridge
Please provide package anchors for all Rd \link{} targets not in the
package itself and the base packages.
Flavors: r-devel-linux-x86_64-debian-gcc, r-devel-windows-x86_64