Last updated on 2024-06-29 09:49:00 CEST.
Flavor | Version | Tinstall | Tcheck | Ttotal | Status | Flags |
---|---|---|---|---|---|---|
r-devel-linux-x86_64-debian-clang | 0.2.0 | 449.98 | 551.58 | 1001.56 | NOTE | |
r-devel-linux-x86_64-debian-gcc | 0.2.0 | 366.11 | 414.14 | 780.25 | NOTE | |
r-devel-linux-x86_64-fedora-clang | 0.2.0 | 1201.19 | NOTE | |||
r-devel-linux-x86_64-fedora-gcc | 0.2.0 | 1438.51 | NOTE | |||
r-devel-windows-x86_64 | 0.2.0 | 342.00 | 367.00 | 709.00 | NOTE | |
r-patched-linux-x86_64 | 0.2.0 | 305.60 | 552.23 | 857.83 | NOTE | |
r-release-linux-x86_64 | 0.2.0 | 0.02 | 2.84 | 2.86 | ERROR | |
r-release-macos-arm64 | 0.2.0 | 265.00 | NOTE | |||
r-release-macos-x86_64 | 0.2.0 | 390.00 | NOTE | |||
r-release-windows-x86_64 | 0.2.0 | 323.00 | 374.00 | 697.00 | NOTE | |
r-oldrel-macos-arm64 | 0.2.0 | 258.00 | NOTE | |||
r-oldrel-macos-x86_64 | 0.2.0 | 466.00 | NOTE | |||
r-oldrel-windows-x86_64 | 0.2.0 | 450.00 | 529.00 | 979.00 | NOTE |
Version: 0.2.0
Check: for GNU extensions in Makefiles
Result: NOTE
GNU make is a SystemRequirements.
Flavors: r-devel-linux-x86_64-debian-clang, r-devel-linux-x86_64-debian-gcc, r-devel-linux-x86_64-fedora-clang, r-devel-linux-x86_64-fedora-gcc, r-devel-windows-x86_64, r-patched-linux-x86_64, r-release-macos-arm64, r-release-macos-x86_64, r-release-windows-x86_64, r-oldrel-macos-arm64, r-oldrel-macos-x86_64, r-oldrel-windows-x86_64
Version: 0.2.0
Check: installed package size
Result: NOTE
installed size is 5.5Mb
sub-directories of 1Mb or more:
libs 4.5Mb
Flavors: r-devel-linux-x86_64-fedora-clang, r-release-macos-arm64, r-release-macos-x86_64, r-oldrel-macos-arm64, r-oldrel-macos-x86_64
Version: 0.2.0
Check: dependencies in R code
Result: NOTE
Namespaces in Imports field not imported from:
‘RcppParallel’ ‘rstantools’
All declared Imports should be used.
Flavors: r-devel-linux-x86_64-fedora-clang, r-devel-linux-x86_64-fedora-gcc
Version: 0.2.0
Check: whether package can be installed
Result: ERROR
Installation failed.
Flavor: r-release-linux-x86_64