CRAN Package Check Results for Package LPGraph

Last updated on 2025-11-24 09:50:37 CET.

Flavor Version Tinstall Tcheck Ttotal Status Flags
r-devel-linux-x86_64-debian-clang 2.1 2.05 26.09 28.14 NOTE
r-devel-linux-x86_64-debian-gcc 2.1 1.56 21.27 22.83 NOTE
r-devel-linux-x86_64-fedora-clang 2.1 41.64 OK
r-devel-windows-x86_64 2.1 4.00 43.00 47.00 OK
r-patched-linux-x86_64 2.1 2.20 24.36 26.56 OK
r-release-linux-x86_64 2.1 1.54 24.45 25.99 OK
r-release-macos-arm64 2.1 OK
r-release-macos-x86_64 2.1 2.00 25.00 27.00 OK
r-release-windows-x86_64 2.1 5.00 56.00 61.00 OK
r-oldrel-macos-arm64 2.1 OK
r-oldrel-macos-x86_64 2.1 2.00 21.00 23.00 OK
r-oldrel-windows-x86_64 2.1 5.00 50.00 55.00 OK

Check Details

Version: 2.1
Check: CRAN incoming feasibility
Result: NOTE Maintainer: ‘Kaijun Wang <kaijun.wang@temple.edu>’ No Authors@R field in DESCRIPTION. Please add one, modifying Authors@R: c(person(given = "Subhadeep", family = "Mukhopadhyay", role = "aut"), person(given = "Kaijun", family = "Wang", role = c("aut", "cre"), email = "kaijun.wang@temple.edu")) as necessary. Flavors: r-devel-linux-x86_64-debian-clang, r-devel-linux-x86_64-debian-gcc