Last updated on 2025-11-20 09:48:33 CET.
| Flavor | Version | Tinstall | Tcheck | Ttotal | Status | Flags |
|---|---|---|---|---|---|---|
| r-devel-linux-x86_64-debian-clang | 1.0 | 4.95 | 57.19 | 62.14 | NOTE | |
| r-devel-linux-x86_64-debian-gcc | 1.0 | 3.84 | 40.06 | 43.90 | NOTE | |
| r-devel-linux-x86_64-fedora-clang | 1.0 | 32.00 | 71.55 | 103.55 | OK | |
| r-devel-linux-x86_64-fedora-gcc | 1.0 | 33.00 | 69.46 | 102.46 | OK | |
| r-devel-windows-x86_64 | 1.0 | 7.00 | 67.00 | 74.00 | OK | |
| r-patched-linux-x86_64 | 1.0 | 5.91 | 54.76 | 60.67 | OK | |
| r-release-linux-x86_64 | 1.0 | 5.28 | 54.54 | 59.82 | OK | |
| r-release-macos-arm64 | 1.0 | OK | ||||
| r-release-macos-x86_64 | 1.0 | 5.00 | 45.00 | 50.00 | OK | |
| r-release-windows-x86_64 | 1.0 | 6.00 | 69.00 | 75.00 | OK | |
| r-oldrel-macos-arm64 | 1.0 | OK | ||||
| r-oldrel-macos-x86_64 | 1.0 | 3.00 | 38.00 | 41.00 | OK | |
| r-oldrel-windows-x86_64 | 1.0 | 8.00 | 82.00 | 90.00 | OK |
Version: 1.0
Check: CRAN incoming feasibility
Result: NOTE
Maintainer: ‘Mikhail A. Beketov <mikhail.beketov@gmx.de>’
No Authors@R field in DESCRIPTION.
Please add one, modifying
Authors@R: person(given = c("Mikhail", "A."),
family = "Beketov",
role = c("aut", "cre"),
email = "mikhail.beketov@gmx.de")
as necessary.
Found the following \keyword or \concept entries
which likely give several index terms:
File ‘LSMonteCarlo-package.Rd’:
\keyword{
Quantitative Finance
Option pricing
Mon [TRUNCATED]
Flavors: r-devel-linux-x86_64-debian-clang, r-devel-linux-x86_64-debian-gcc