Last updated on 2024-07-08 09:49:01 CEST.
Flavor | Version | Tinstall | Tcheck | Ttotal | Status | Flags |
---|---|---|---|---|---|---|
r-devel-linux-x86_64-debian-clang | 11.0-0 | 44.69 | 110.89 | 155.58 | OK | |
r-devel-linux-x86_64-debian-gcc | 11.0-0 | 40.76 | 81.62 | 122.38 | OK | |
r-devel-linux-x86_64-fedora-clang | 11.0-0 | 203.41 | NOTE | |||
r-devel-linux-x86_64-fedora-gcc | 11.0-0 | 211.38 | OK | |||
r-devel-windows-x86_64 | 11.0-0 | 43.00 | 117.00 | 160.00 | NOTE | |
r-patched-linux-x86_64 | 11.0-0 | 45.78 | 106.64 | 152.42 | OK | |
r-release-linux-x86_64 | 11.0-0 | 45.80 | 105.81 | 151.61 | OK | |
r-release-macos-arm64 | 11.0-0 | 78.00 | NOTE | |||
r-release-macos-x86_64 | 11.0-0 | 113.00 | NOTE | |||
r-release-windows-x86_64 | 11.0-0 | 41.00 | 118.00 | 159.00 | NOTE | |
r-oldrel-macos-arm64 | 11.0-0 | 86.00 | NOTE | |||
r-oldrel-macos-x86_64 | 11.0-0 | 191.00 | NOTE | |||
r-oldrel-windows-x86_64 | 11.0-0 | 53.00 | 140.00 | 193.00 | NOTE |
Version: 11.0-0
Check: installed package size
Result: NOTE
installed size is 6.5Mb
sub-directories of 1Mb or more:
data 5.6Mb
Flavors: r-devel-linux-x86_64-fedora-clang, r-devel-windows-x86_64, r-release-macos-arm64, r-release-macos-x86_64, r-release-windows-x86_64, r-oldrel-macos-arm64, r-oldrel-macos-x86_64, r-oldrel-windows-x86_64
Version: 11.0-0
Check: Rd cross-references
Result: NOTE
Undeclared package ‘plyr’ in Rd xrefs
Flavor: r-devel-linux-x86_64-fedora-clang