Last updated on 2024-08-05 09:48:10 CEST.
Flavor | Version | Tinstall | Tcheck | Ttotal | Status | Flags |
---|---|---|---|---|---|---|
r-devel-linux-x86_64-debian-clang | 1.2.2 | 13.63 | 104.80 | 118.43 | OK | |
r-devel-linux-x86_64-debian-gcc | 1.2.2 | 7.05 | 58.73 | 65.78 | OK | |
r-devel-linux-x86_64-fedora-gcc | 1.2.2 | 136.58 | NOTE | |||
r-devel-windows-x86_64 | 1.2.2 | 11.00 | 93.00 | 104.00 | OK | |
r-patched-linux-x86_64 | 1.2.2 | 10.16 | 77.95 | 88.11 | OK | |
r-release-linux-x86_64 | 1.2.2 | 7.55 | 98.33 | 105.88 | OK | |
r-release-macos-arm64 | 1.2.2 | 41.00 | OK | |||
r-release-macos-x86_64 | 1.2.2 | 67.00 | OK | |||
r-release-windows-x86_64 | 1.2.2 | 14.00 | 90.00 | 104.00 | OK | |
r-oldrel-macos-arm64 | 1.2.2 | 44.00 | OK | |||
r-oldrel-macos-x86_64 | 1.2.2 | 58.00 | OK | |||
r-oldrel-windows-x86_64 | 1.2.2 | 15.00 | 108.00 | 123.00 | OK |
Version: 1.2.2
Check: dependencies in R code
Result: NOTE
Namespaces in Imports field not imported from:
‘SnowballC’ ‘data.table’ ‘e1071’ ‘fastmatch’
All declared Imports should be used.
Flavor: r-devel-linux-x86_64-fedora-gcc