Last updated on 2024-07-08 09:49:01 CEST.
Flavor | Version | Tinstall | Tcheck | Ttotal | Status | Flags |
---|---|---|---|---|---|---|
r-devel-linux-x86_64-debian-clang | 1.3-1 | 42.79 | 30.25 | 73.04 | NOTE | |
r-devel-linux-x86_64-debian-gcc | 1.3-1 | 27.00 | 23.90 | 50.90 | NOTE | |
r-devel-linux-x86_64-fedora-clang | 1.3-1 | 99.54 | NOTE | |||
r-devel-linux-x86_64-fedora-gcc | 1.3-1 | 101.41 | NOTE | |||
r-devel-windows-x86_64 | 1.3-1 | 31.00 | 62.00 | 93.00 | NOTE | |
r-patched-linux-x86_64 | 1.3-1 | 33.68 | 29.15 | 62.83 | NOTE | |
r-release-linux-x86_64 | 1.3-1 | 35.41 | 29.03 | 64.44 | NOTE | |
r-release-macos-arm64 | 1.3-1 | 28.00 | NOTE | |||
r-release-macos-x86_64 | 1.3-1 | 36.00 | NOTE | |||
r-release-windows-x86_64 | 1.3-1 | 31.00 | 66.00 | 97.00 | NOTE | |
r-oldrel-macos-arm64 | 1.3-1 | 27.00 | NOTE | |||
r-oldrel-macos-x86_64 | 1.3-1 | 44.00 | NOTE | |||
r-oldrel-windows-x86_64 | 1.3-1 | 37.00 | 75.00 | 112.00 | NOTE |
Version: 1.3-1
Check: C++ specification
Result: NOTE
Specified C++11: please drop specification unless essential
Flavors: r-devel-linux-x86_64-debian-clang, r-devel-linux-x86_64-debian-gcc, r-devel-linux-x86_64-fedora-clang, r-devel-linux-x86_64-fedora-gcc, r-devel-windows-x86_64, r-patched-linux-x86_64, r-release-linux-x86_64, r-release-macos-arm64, r-release-macos-x86_64, r-release-windows-x86_64, r-oldrel-macos-arm64, r-oldrel-macos-x86_64, r-oldrel-windows-x86_64
Version: 1.3-1
Check: Rd files
Result: NOTE
checkRd: (-1) cauchypoly.Rd:39: Escaped LaTeX specials: \_ \_ \_
checkRd: (-1) cauchypoly.Rd:40: Escaped LaTeX specials: \_
checkRd: (-1) normpoly.Rd:38: Escaped LaTeX specials: \_ \_ \_
checkRd: (-1) normpoly.Rd:39: Escaped LaTeX specials: \_
Flavors: r-devel-linux-x86_64-debian-clang, r-devel-linux-x86_64-debian-gcc, r-devel-linux-x86_64-fedora-clang, r-devel-linux-x86_64-fedora-gcc, r-devel-windows-x86_64, r-patched-linux-x86_64, r-release-linux-x86_64, r-release-macos-arm64, r-release-macos-x86_64, r-release-windows-x86_64, r-oldrel-macos-arm64, r-oldrel-macos-x86_64, r-oldrel-windows-x86_64