Last updated on 2025-11-16 09:49:31 CET.
| Flavor | Version | Tinstall | Tcheck | Ttotal | Status | Flags |
|---|---|---|---|---|---|---|
| r-devel-linux-x86_64-debian-clang | 0.0.2 | 116.55 | 64.82 | 181.37 | OK | |
| r-devel-linux-x86_64-debian-gcc | 0.0.2 | 99.47 | 49.46 | 148.93 | OK | |
| r-devel-linux-x86_64-fedora-clang | 0.0.2 | 483.00 | -175.93 | 307.07 | OK | |
| r-devel-linux-x86_64-fedora-gcc | 0.0.2 | 780.00 | -382.83 | 397.17 | OK | |
| r-devel-windows-x86_64 | 0.0.2 | 118.00 | 103.00 | 221.00 | OK | |
| r-patched-linux-x86_64 | 0.0.2 | 134.00 | 61.72 | 195.72 | OK | |
| r-release-linux-x86_64 | 0.0.2 | 143.42 | 63.68 | 207.10 | OK | |
| r-release-macos-arm64 | 0.0.2 | 68.00 | 51.00 | 119.00 | OK | |
| r-release-macos-x86_64 | 0.0.2 | 129.00 | 72.00 | 201.00 | OK | |
| r-release-windows-x86_64 | 0.0.2 | 116.00 | 106.00 | 222.00 | OK | |
| r-oldrel-macos-arm64 | 0.0.2 | 63.00 | 40.00 | 103.00 | NOTE | |
| r-oldrel-macos-x86_64 | 0.0.2 | 134.00 | 74.00 | 208.00 | NOTE | |
| r-oldrel-windows-x86_64 | 0.0.2 | 144.00 | 133.00 | 277.00 | NOTE |
Version: 0.0.2
Check: installed package size
Result: NOTE
installed size is 65.4Mb
sub-directories of 1Mb or more:
libs 65.0Mb
Flavors: r-oldrel-macos-arm64, r-oldrel-macos-x86_64, r-oldrel-windows-x86_64