Last updated on 2025-10-31 08:50:19 CET.
| Flavor | Version | Tinstall | Tcheck | Ttotal | Status | Flags | 
|---|---|---|---|---|---|---|
| r-devel-linux-x86_64-debian-clang | 3.0 | 2.61 | 25.98 | 28.59 | NOTE | |
| r-devel-linux-x86_64-debian-gcc | 3.0 | 2.10 | 20.64 | 22.74 | NOTE | |
| r-devel-linux-x86_64-fedora-clang | 3.0 | 46.13 | OK | |||
| r-devel-linux-x86_64-fedora-gcc | 3.0 | 15.00 | 28.21 | 43.21 | OK | |
| r-devel-windows-x86_64 | 3.0 | 3.00 | 43.00 | 46.00 | OK | |
| r-patched-linux-x86_64 | 3.0 | 2.63 | 24.67 | 27.30 | OK | |
| r-release-linux-x86_64 | 3.0 | 2.45 | 24.59 | 27.04 | OK | |
| r-release-macos-arm64 | 3.0 | 2.00 | 25.00 | 27.00 | OK | |
| r-release-macos-x86_64 | 3.0 | 2.00 | 28.00 | 30.00 | OK | |
| r-release-windows-x86_64 | 3.0 | 4.00 | 46.00 | 50.00 | OK | |
| r-oldrel-macos-arm64 | 3.0 | 1.00 | 15.00 | 16.00 | NOTE | |
| r-oldrel-macos-x86_64 | 3.0 | 2.00 | 22.00 | 24.00 | NOTE | |
| r-oldrel-windows-x86_64 | 3.0 | 4.00 | 50.00 | 54.00 | NOTE | 
Version: 3.0
Check: CRAN incoming feasibility
Result: NOTE
  Maintainer: ‘Martin Wiegand <Martin.Wiegand@manchester.ac.uk>’
  
  No Authors@R field in DESCRIPTION.
  Please add one, modifying
    Authors@R: c(person(given = "Martin",
                        family = "Wiegand",
                        role = c("aut", "cre"),
                        email = "martin.wiegand@manchester.ac.uk"),
                 person(given = "Saralees",
                        family = "Nadarajah",
                        role = "aut"))
  as necessary.
Flavors: r-devel-linux-x86_64-debian-clang, r-devel-linux-x86_64-debian-gcc
Version: 3.0
Check: LazyData
Result: NOTE
    'LazyData' is specified without a 'data' directory
Flavors: r-oldrel-macos-arm64, r-oldrel-macos-x86_64, r-oldrel-windows-x86_64