Last updated on 2025-11-23 09:50:54 CET.
| Flavor | Version | Tinstall | Tcheck | Ttotal | Status | Flags |
|---|---|---|---|---|---|---|
| r-devel-linux-x86_64-debian-clang | 0.5.1 | 2.74 | 50.26 | 53.00 | NOTE | |
| r-devel-linux-x86_64-debian-gcc | 0.5.1 | 2.06 | 37.59 | 39.65 | NOTE | |
| r-devel-linux-x86_64-fedora-clang | 0.5.1 | 79.18 | OK | |||
| r-devel-windows-x86_64 | 0.5.1 | 7.00 | 85.00 | 92.00 | OK | |
| r-patched-linux-x86_64 | 0.5.1 | 3.84 | 47.37 | 51.21 | OK | |
| r-release-linux-x86_64 | 0.5.1 | 2.90 | 47.39 | 50.29 | OK | |
| r-release-macos-arm64 | 0.5.1 | OK | ||||
| r-release-macos-x86_64 | 0.5.1 | 3.00 | 59.00 | 62.00 | OK | |
| r-release-windows-x86_64 | 0.5.1 | 5.00 | 107.00 | 112.00 | OK | |
| r-oldrel-macos-arm64 | 0.5.1 | OK | ||||
| r-oldrel-macos-x86_64 | 0.5.1 | 2.00 | 46.00 | 48.00 | OK | |
| r-oldrel-windows-x86_64 | 0.5.1 | 4.00 | 90.00 | 94.00 | OK |
Version: 0.5.1
Check: CRAN incoming feasibility
Result: NOTE
Maintainer: ‘Kenneth Knoblauch <ken.knoblauch@inserm.fr>’
No Authors@R field in DESCRIPTION.
Please add one, modifying
Authors@R: c(person(given = "Kenneth",
family = "Knoblauch",
role = c("aut", "cre"),
email = "ken.knoblauch@inserm.fr"),
person(given = c("Laurence", "T."),
family = "Maloney",
role = "aut"),
person(given = c("based", "in", "part", "on", "C", "code", "written", "by", "Laurence", "T."),
family = "Maloney",
role = "aut"),
person(given = c("J.", "N."),
family = "Yang",
role = "aut"))
as necessary.
Flavors: r-devel-linux-x86_64-debian-clang, r-devel-linux-x86_64-debian-gcc