Last updated on 2024-07-08 09:49:03 CEST.
Flavor | Version | Tinstall | Tcheck | Ttotal | Status | Flags |
---|---|---|---|---|---|---|
r-devel-linux-x86_64-debian-clang | 0.3.3 | 32.05 | 277.53 | 309.58 | NOTE | |
r-devel-linux-x86_64-debian-gcc | 0.3.3 | 28.85 | 205.02 | 233.87 | NOTE | |
r-devel-linux-x86_64-fedora-clang | 0.3.3 | 396.20 | NOTE | |||
r-devel-linux-x86_64-fedora-gcc | 0.3.3 | 387.57 | NOTE | |||
r-devel-windows-x86_64 | 0.3.3 | 30.00 | 195.00 | 225.00 | NOTE | |
r-patched-linux-x86_64 | 0.3.3 | 22.70 | 264.20 | 286.90 | NOTE | |
r-release-linux-x86_64 | 0.3.3 | 27.75 | 267.42 | 295.17 | NOTE | |
r-release-macos-arm64 | 0.3.3 | 96.00 | NOTE | |||
r-release-macos-x86_64 | 0.3.3 | 144.00 | NOTE | |||
r-release-windows-x86_64 | 0.3.3 | 31.00 | 192.00 | 223.00 | NOTE | |
r-oldrel-macos-arm64 | 0.3.3 | 84.00 | OK | |||
r-oldrel-macos-x86_64 | 0.3.3 | 173.00 | OK | |||
r-oldrel-windows-x86_64 | 0.3.3 | 39.00 | 256.00 | 295.00 | OK |
Version: 0.3.3
Check: Rd files
Result: NOTE
checkRd: (-1) SignalProcessing.Rd:42: Lost braces; missing escapes or markup?
42 | \item{calibrateIntensity_method}{a \code{character} indicating the intensities calibration method used (\code{"TIC"} method by default). This calibration method can be remplaced by \code{"PQN"} or {"median"}.See \code{calibrateIntensity-methods} of the \code{MALDIquant} R package for details.}
| ^
Flavors: r-devel-linux-x86_64-debian-clang, r-devel-linux-x86_64-debian-gcc, r-devel-linux-x86_64-fedora-clang, r-devel-linux-x86_64-fedora-gcc, r-devel-windows-x86_64, r-patched-linux-x86_64, r-release-linux-x86_64, r-release-macos-arm64, r-release-macos-x86_64, r-release-windows-x86_64