Last updated on 2025-10-24 09:50:08 CEST.
| Flavor | Version | Tinstall | Tcheck | Ttotal | Status | Flags |
|---|---|---|---|---|---|---|
| r-devel-linux-x86_64-debian-clang | 0.2.0 | 5.05 | 56.41 | 61.46 | NOTE | |
| r-devel-linux-x86_64-debian-gcc | 0.2.0 | 3.75 | 40.59 | 44.34 | NOTE | |
| r-devel-linux-x86_64-fedora-clang | 0.2.0 | 11.00 | 82.80 | 93.80 | OK | |
| r-devel-linux-x86_64-fedora-gcc | 0.2.0 | 15.00 | 76.82 | 91.82 | OK | |
| r-devel-windows-x86_64 | 0.2.0 | 6.00 | 66.00 | 72.00 | OK | |
| r-patched-linux-x86_64 | 0.2.0 | 5.55 | 52.66 | 58.21 | OK | |
| r-release-linux-x86_64 | 0.2.0 | 5.21 | 52.46 | 57.67 | OK | |
| r-release-macos-arm64 | 0.2.0 | 2.00 | 21.00 | 23.00 | OK | |
| r-release-macos-x86_64 | 0.2.0 | 6.00 | 39.00 | 45.00 | OK | |
| r-release-windows-x86_64 | 0.2.0 | 8.00 | 68.00 | 76.00 | OK | |
| r-oldrel-macos-arm64 | 0.2.0 | 2.00 | 22.00 | 24.00 | OK | |
| r-oldrel-macos-x86_64 | 0.2.0 | 3.00 | 32.00 | 35.00 | OK | |
| r-oldrel-windows-x86_64 | 0.2.0 | 10.00 | 83.00 | 93.00 | OK |
Version: 0.2.0
Check: CRAN incoming feasibility
Result: NOTE
Maintainer: ‘Blake Robert Mills <blakerobertmills@gmail.com>’
No Authors@R field in DESCRIPTION.
Please add one, modifying
Authors@R: person(given = c("Blake", "Robert"),
family = "Mills",
role = c("aut", "cre"),
email = "blakerobertmills@gmail.com")
as necessary.
Flavors: r-devel-linux-x86_64-debian-clang, r-devel-linux-x86_64-debian-gcc
Version: 0.2.0
Check: HTML version of manual
Result: NOTE
Found the following HTML validation problems:
scale_fill_met_c.html:63:1 (scale_fill_met_c.Rd:22): Warning: missing </ul> before </div>
Flavor: r-devel-linux-x86_64-debian-clang