Last updated on 2024-07-06 09:49:07 CEST.
Flavor | Version | Tinstall | Tcheck | Ttotal | Status | Flags |
---|---|---|---|---|---|---|
r-devel-linux-x86_64-debian-clang | 2.0.0 | 44.17 | 444.26 | 488.43 | NOTE | |
r-devel-linux-x86_64-debian-gcc | 2.0.0 | 32.20 | 305.54 | 337.74 | NOTE | |
r-devel-linux-x86_64-fedora-clang | 2.0.0 | 568.43 | NOTE | |||
r-devel-linux-x86_64-fedora-gcc | 2.0.0 | 558.88 | NOTE | |||
r-devel-windows-x86_64 | 2.0.0 | 30.00 | 301.00 | 331.00 | NOTE | |
r-patched-linux-x86_64 | 2.0.0 | 36.90 | 414.95 | 451.85 | NOTE | |
r-release-linux-x86_64 | 2.0.0 | 42.34 | 408.02 | 450.36 | NOTE | |
r-release-macos-arm64 | 2.0.0 | 131.00 | NOTE | |||
r-release-macos-x86_64 | 2.0.0 | 218.00 | NOTE | |||
r-release-windows-x86_64 | 2.0.0 | 31.00 | 313.00 | 344.00 | NOTE | |
r-oldrel-macos-arm64 | 2.0.0 | 157.00 | NOTE | |||
r-oldrel-macos-x86_64 | 2.0.0 | 293.00 | NOTE | |||
r-oldrel-windows-x86_64 | 2.0.0 | 43.00 | 388.00 | 431.00 | NOTE |
Version: 2.0.0
Check: Rd files
Result: NOTE
checkRd: (-1) rland.graph.Rd:27: Lost braces in \itemize; \value handles \item{}{} directly
checkRd: (-1) rland.graph.Rd:28: Lost braces in \itemize; \value handles \item{}{} directly
checkRd: (-1) rland.graph.Rd:29: Lost braces in \itemize; \value handles \item{}{} directly
checkRd: (-1) rland.graph.Rd:30: Lost braces in \itemize; \value handles \item{}{} directly
checkRd: (-1) rland.graph.Rd:31: Lost braces in \itemize; \value handles \item{}{} directly
checkRd: (-1) rland.graph.Rd:32: Lost braces in \itemize; \value handles \item{}{} directly
checkRd: (-1) rland.graph.Rd:33-34: Lost braces in \itemize; \value handles \item{}{} directly
Flavors: r-devel-linux-x86_64-debian-clang, r-devel-linux-x86_64-debian-gcc, r-devel-linux-x86_64-fedora-clang, r-devel-linux-x86_64-fedora-gcc, r-devel-windows-x86_64, r-patched-linux-x86_64, r-release-linux-x86_64, r-release-macos-arm64, r-release-macos-x86_64, r-release-windows-x86_64
Version: 2.0.0
Check: installed package size
Result: NOTE
installed size is 14.4Mb
sub-directories of 1Mb or more:
data 3.0Mb
examples 10.3Mb
Flavors: r-devel-linux-x86_64-fedora-clang, r-devel-windows-x86_64, r-release-macos-arm64, r-release-macos-x86_64, r-release-windows-x86_64, r-oldrel-macos-arm64, r-oldrel-macos-x86_64, r-oldrel-windows-x86_64