CRAN Package Check Results for Package MetaSubtract

Last updated on 2025-11-22 09:49:58 CET.

Flavor Version Tinstall Tcheck Ttotal Status Flags
r-devel-linux-x86_64-debian-clang 1.60 2.57 23.48 26.05 NOTE
r-devel-linux-x86_64-debian-gcc 1.60 2.22 18.40 20.62 NOTE
r-devel-linux-x86_64-fedora-clang 1.60 39.51 OK
r-devel-windows-x86_64 1.60 3.00 37.00 40.00 OK
r-patched-linux-x86_64 1.60 2.48 21.94 24.42 OK
r-release-linux-x86_64 1.60 2.62 22.03 24.65 OK
r-release-macos-arm64 1.60 OK
r-release-macos-x86_64 1.60 3.00 24.00 27.00 OK
r-release-windows-x86_64 1.60 4.00 36.00 40.00 OK
r-oldrel-macos-arm64 1.60 OK
r-oldrel-macos-x86_64 1.60 2.00 22.00 24.00 OK
r-oldrel-windows-x86_64 1.60 3.00 38.00 41.00 OK

Check Details

Version: 1.60
Check: CRAN incoming feasibility
Result: NOTE Maintainer: ‘Ilja M. Nolte <i.m.nolte@umcg.nl>’ No Authors@R field in DESCRIPTION. Please add one, modifying Authors@R: person(given = c("Ilja", "M."), family = "Nolte", role = c("aut", "cre"), email = "i.m.nolte@umcg.nl") as necessary. Flavors: r-devel-linux-x86_64-debian-clang, r-devel-linux-x86_64-debian-gcc