Last updated on 2025-11-23 09:50:54 CET.
| Flavor | Version | Tinstall | Tcheck | Ttotal | Status | Flags |
|---|---|---|---|---|---|---|
| r-devel-linux-x86_64-debian-clang | 1.1.2 | 17.24 | 158.71 | 175.95 | NOTE | |
| r-devel-linux-x86_64-debian-gcc | 1.1.2 | 11.63 | 106.74 | 118.37 | NOTE | |
| r-devel-linux-x86_64-fedora-clang | 1.1.2 | 43.00 | 226.42 | 269.42 | NOTE | |
| r-devel-windows-x86_64 | 1.1.2 | 21.00 | 159.00 | 180.00 | NOTE | |
| r-patched-linux-x86_64 | 1.1.2 | 19.03 | 143.39 | 162.42 | NOTE | |
| r-release-linux-x86_64 | 1.1.2 | 16.98 | 143.48 | 160.46 | NOTE | |
| r-release-macos-arm64 | 1.1.2 | NOTE | ||||
| r-release-macos-x86_64 | 1.1.2 | 13.00 | 117.00 | 130.00 | NOTE | |
| r-release-windows-x86_64 | 1.1.2 | 20.00 | 156.00 | 176.00 | NOTE | |
| r-oldrel-macos-arm64 | 1.1.2 | NOTE | ||||
| r-oldrel-macos-x86_64 | 1.1.2 | 10.00 | 91.00 | 101.00 | NOTE | |
| r-oldrel-windows-x86_64 | 1.1.2 | 25.00 | 213.00 | 238.00 | NOTE |
Version: 1.1.2
Check: Rd files
Result: NOTE
checkRd: (-1) CVLasoelacox.Rd:68-69: Lost braces in \itemize; \value handles \item{}{} directly
checkRd: (-1) CVLasoelacox.Rd:70-71: Lost braces in \itemize; \value handles \item{}{} directly
checkRd: (-1) CVLasoelacox.Rd:72: Lost braces in \itemize; \value handles \item{}{} directly
checkRd: (-1) CVLasoelacox.Rd:73: Lost braces in \itemize; \value handles \item{}{} directly
checkRd: (-1) CVLasoelacox.Rd:74-76: Lost braces in \itemize; \value handles \item{}{} directly
checkRd: (-1) CVLasoelacox.Rd:77-79: Lost braces in \itemize; \value handles \item{}{} directly
checkRd: (-1) CVLasoelacox.Rd:80-81: Lost braces in \itemize; \value handles \item{}{} directly
checkRd: (-1) CVLasoelacox.Rd:82-85: Lost braces in \itemize; \value handles \item{}{} directly
checkRd: (-1) CVLasoelacox.Rd:86-87: Lost braces in \itemize; \value handles \item{}{} directly
Flavors: r-devel-linux-x86_64-debian-clang, r-devel-linux-x86_64-debian-gcc, r-devel-linux-x86_64-fedora-clang, r-devel-windows-x86_64, r-patched-linux-x86_64, r-release-linux-x86_64, r-release-macos-arm64, r-release-macos-x86_64, r-release-windows-x86_64, r-oldrel-macos-arm64, r-oldrel-macos-x86_64, r-oldrel-windows-x86_64