Last updated on 2024-07-08 09:49:03 CEST.
Flavor | Version | Tinstall | Tcheck | Ttotal | Status | Flags |
---|---|---|---|---|---|---|
r-devel-linux-x86_64-debian-clang | 1.1.6 | 16.11 | 575.41 | 591.52 | OK | |
r-devel-linux-x86_64-debian-gcc | 1.1.6 | 14.36 | 477.33 | 491.69 | OK | |
r-devel-linux-x86_64-fedora-clang | 1.1.6 | 733.41 | NOTE | |||
r-devel-linux-x86_64-fedora-gcc | 1.1.6 | 792.29 | NOTE | |||
r-devel-windows-x86_64 | 1.1.6 | 18.00 | 431.00 | 449.00 | OK | |
r-patched-linux-x86_64 | 1.1.6 | 17.96 | 625.17 | 643.13 | OK | |
r-release-linux-x86_64 | 1.1.6 | 19.21 | 609.62 | 628.83 | OK | |
r-release-macos-arm64 | 1.1.6 | 214.00 | OK | |||
r-release-macos-x86_64 | 1.1.6 | 344.00 | OK | |||
r-release-windows-x86_64 | 1.1.6 | 19.00 | 433.00 | 452.00 | OK | |
r-oldrel-macos-arm64 | 1.1.6 | 164.00 | OK | |||
r-oldrel-macos-x86_64 | 1.1.6 | 237.00 | OK | |||
r-oldrel-windows-x86_64 | 1.1.6 | 23.00 | 573.00 | 596.00 | OK |
Version: 1.1.6
Check: dependencies in R code
Result: NOTE
Namespaces in Imports field not imported from:
‘Kendall’ ‘perm’
All declared Imports should be used.
Flavors: r-devel-linux-x86_64-fedora-clang, r-devel-linux-x86_64-fedora-gcc
Version: 1.1.6
Check: data for non-ASCII characters
Result: NOTE
Note: found 63 marked UTF-8 strings
Flavors: r-devel-linux-x86_64-fedora-clang, r-devel-linux-x86_64-fedora-gcc