Last updated on 2025-05-28 09:53:02 CEST.
Flavor | Version | Tinstall | Tcheck | Ttotal | Status | Flags |
---|---|---|---|---|---|---|
r-devel-linux-x86_64-debian-clang | 0.2.1 | 24.11 | 290.63 | 314.74 | NOTE | |
r-devel-linux-x86_64-debian-gcc | 0.2.1 | 14.07 | 202.56 | 216.63 | NOTE | |
r-devel-linux-x86_64-fedora-clang | 0.2.1 | 503.18 | OK | |||
r-devel-linux-x86_64-fedora-gcc | 0.2.1 | 518.32 | OK | |||
r-devel-windows-x86_64 | 0.2.1 | 25.00 | 264.00 | 289.00 | NOTE | |
r-patched-linux-x86_64 | 0.2.1 | 21.22 | 279.18 | 300.40 | NOTE | |
r-release-linux-x86_64 | 0.2.1 | 20.49 | 279.36 | 299.85 | NOTE | |
r-release-macos-arm64 | 0.2.1 | 200.00 | OK | |||
r-release-macos-x86_64 | 0.2.1 | 264.00 | OK | |||
r-release-windows-x86_64 | 0.2.1 | 24.00 | 258.00 | 282.00 | NOTE | |
r-oldrel-macos-arm64 | 0.2.1 | 144.00 | NOTE | |||
r-oldrel-macos-x86_64 | 0.2.1 | 203.00 | NOTE | |||
r-oldrel-windows-x86_64 | 0.2.1 | 34.00 | 349.00 | 383.00 | NOTE |
Version: 0.2.1
Check: Rd cross-references
Result: NOTE
Found the following Rd file(s) with Rd \link{} targets missing package
anchors:
plotIncMatrix.Rd: scale_fill_distiller
Please provide package anchors for all Rd \link{} targets not in the
package itself and the base packages.
Flavors: r-devel-linux-x86_64-debian-clang, r-devel-linux-x86_64-debian-gcc, r-devel-windows-x86_64, r-patched-linux-x86_64, r-release-linux-x86_64, r-release-windows-x86_64
Version: 0.2.1
Check: installed package size
Result: NOTE
installed size is 5.2Mb
sub-directories of 1Mb or more:
doc 4.0Mb
Flavors: r-oldrel-macos-arm64, r-oldrel-macos-x86_64, r-oldrel-windows-x86_64