Last updated on 2024-09-08 09:48:25 CEST.
Flavor | Version | Tinstall | Tcheck | Ttotal | Status | Flags |
---|---|---|---|---|---|---|
r-devel-linux-x86_64-debian-clang | 0.3-1 | 2.15 | 27.03 | 29.18 | NOTE | |
r-devel-linux-x86_64-debian-gcc | 0.3-1 | 1.83 | 20.53 | 22.36 | NOTE | |
r-devel-linux-x86_64-fedora-clang | 0.3-1 | 47.72 | OK | |||
r-devel-linux-x86_64-fedora-gcc | 0.3-1 | 45.81 | OK | |||
r-devel-windows-x86_64 | 0.3-1 | 4.00 | 58.00 | 62.00 | NOTE | |
r-patched-linux-x86_64 | 0.3-1 | 4.50 | 26.12 | 30.62 | OK | |
r-release-linux-x86_64 | 0.3-1 | 2.09 | 25.80 | 27.89 | OK | |
r-release-macos-arm64 | 0.3-1 | 18.00 | OK | |||
r-release-macos-x86_64 | 0.3-1 | 27.00 | OK | |||
r-release-windows-x86_64 | 0.3-1 | 4.00 | 52.00 | 56.00 | OK | |
r-oldrel-macos-arm64 | 0.3-1 | 23.00 | OK | |||
r-oldrel-macos-x86_64 | 0.3-1 | 38.00 | OK | |||
r-oldrel-windows-x86_64 | 0.3-1 | 4.00 | 52.00 | 56.00 | OK |
Version: 0.3-1
Check: Rd cross-references
Result: NOTE
Found the following Rd file(s) with Rd \link{} targets missing package
anchors:
nlFit.Rd: logHist
Please provide package anchors for all Rd \link{} targets not in the
package itself and the base packages.
Flavors: r-devel-linux-x86_64-debian-clang, r-devel-linux-x86_64-debian-gcc, r-devel-windows-x86_64