Last updated on 2024-09-06 09:49:26 CEST.
Flavor | Version | Tinstall | Tcheck | Ttotal | Status | Flags |
---|---|---|---|---|---|---|
r-devel-linux-x86_64-debian-clang | 1.2.1 | 5.49 | 42.11 | 47.60 | NOTE | |
r-devel-linux-x86_64-debian-gcc | 1.2.1 | 3.73 | 30.97 | 34.70 | NOTE | |
r-devel-linux-x86_64-fedora-clang | 1.2.1 | 75.07 | OK | |||
r-devel-linux-x86_64-fedora-gcc | 1.2.1 | 73.98 | OK | |||
r-devel-windows-x86_64 | 1.2.1 | 7.00 | 74.00 | 81.00 | NOTE | |
r-patched-linux-x86_64 | 1.2.1 | 6.85 | 39.29 | 46.14 | OK | |
r-release-linux-x86_64 | 1.2.1 | 4.70 | 39.48 | 44.18 | OK | |
r-release-macos-arm64 | 1.2.1 | 29.00 | OK | |||
r-release-macos-x86_64 | 1.2.1 | 40.00 | OK | |||
r-release-windows-x86_64 | 1.2.1 | 7.00 | 68.00 | 75.00 | OK | |
r-oldrel-macos-arm64 | 1.2.1 | 30.00 | OK | |||
r-oldrel-macos-x86_64 | 1.2.1 | 43.00 | OK | |||
r-oldrel-windows-x86_64 | 1.2.1 | 5.00 | 74.00 | 79.00 | OK |
Version: 1.2.1
Check: Rd cross-references
Result: NOTE
Found the following Rd file(s) with Rd \link{} targets missing package
anchors:
ODB-class.Rd: JDBCConnection-class, DBIConnection-class,
DBIObject-class
isClosed.Rd: dbConnect, dbDisconnect
odb.tables.Rd: dbColumnInfo
Please provide package anchors for all Rd \link{} targets not in the
package itself and the base packages.
Flavors: r-devel-linux-x86_64-debian-clang, r-devel-linux-x86_64-debian-gcc, r-devel-windows-x86_64