Last updated on 2024-08-05 09:48:13 CEST.
Flavor | Version | Tinstall | Tcheck | Ttotal | Status | Flags |
---|---|---|---|---|---|---|
r-devel-linux-x86_64-debian-clang | 1.0-2 | 4.78 | 44.15 | 48.93 | NOTE | |
r-devel-linux-x86_64-debian-gcc | 1.0-2 | 2.31 | 22.92 | 25.23 | NOTE | |
r-devel-linux-x86_64-fedora-gcc | 1.0-2 | 56.70 | NOTE | |||
r-devel-windows-x86_64 | 1.0-2 | 5.00 | 49.00 | 54.00 | OK | |
r-patched-linux-x86_64 | 1.0-2 | 3.72 | 31.42 | 35.14 | NOTE | |
r-release-linux-x86_64 | 1.0-2 | 3.81 | 42.88 | 46.69 | NOTE | |
r-release-macos-arm64 | 1.0-2 | 19.00 | OK | |||
r-release-macos-x86_64 | 1.0-2 | 27.00 | OK | |||
r-release-windows-x86_64 | 1.0-2 | 5.00 | 48.00 | 53.00 | OK | |
r-oldrel-macos-arm64 | 1.0-2 | 18.00 | OK | |||
r-oldrel-macos-x86_64 | 1.0-2 | 29.00 | OK | |||
r-oldrel-windows-x86_64 | 1.0-2 | 4.00 | 55.00 | 59.00 | OK |
Version: 1.0-2
Check: for non-standard things in the check directory
Result: NOTE
Found the following files/directories:
‘cluster of fitted mean data.eps’ ‘cluster of fitted mean data.txt’
‘cluster of raw data.txt’
Flavors: r-devel-linux-x86_64-debian-clang, r-devel-linux-x86_64-debian-gcc, r-devel-linux-x86_64-fedora-gcc, r-patched-linux-x86_64, r-release-linux-x86_64