Last updated on 2025-11-15 09:48:55 CET.
| Flavor | Version | Tinstall | Tcheck | Ttotal | Status | Flags |
|---|---|---|---|---|---|---|
| r-devel-linux-x86_64-debian-clang | 0.1.18 | 18.61 | 139.34 | 157.95 | NOTE | |
| r-devel-linux-x86_64-debian-gcc | 0.1.18 | 11.33 | 93.76 | 105.09 | NOTE | |
| r-devel-linux-x86_64-fedora-clang | 0.1.18 | 78.00 | 199.15 | 277.15 | OK | |
| r-devel-linux-x86_64-fedora-gcc | 0.1.18 | 85.00 | 173.45 | 258.45 | OK | |
| r-devel-windows-x86_64 | 0.1.18 | 24.00 | 186.00 | 210.00 | NOTE | |
| r-patched-linux-x86_64 | 0.1.18 | 21.64 | 132.05 | 153.69 | OK | |
| r-release-linux-x86_64 | 0.1.18 | 15.23 | 132.88 | 148.11 | OK | |
| r-release-macos-arm64 | 0.1.18 | 6.00 | 49.00 | 55.00 | OK | |
| r-release-macos-x86_64 | 0.1.18 | 15.00 | 108.00 | 123.00 | OK | |
| r-release-windows-x86_64 | 0.1.18 | 23.00 | 172.00 | 195.00 | OK | |
| r-oldrel-macos-arm64 | 0.1.18 | 5.00 | 54.00 | 59.00 | OK | |
| r-oldrel-macos-x86_64 | 0.1.18 | 14.00 | 107.00 | 121.00 | OK | |
| r-oldrel-windows-x86_64 | 0.1.18 | 30.00 | 222.00 | 252.00 | OK |
Version: 0.1.18
Check: Rd files
Result: NOTE
checkRd: (-1) df_construct_columns.Rd:15-21: Only 5 columns allowed in this table (row 1 has 4)
checkRd: (-1) df_construct_columns.Rd:15-21: Only 5 columns allowed in this table (row 2 has 4)
checkRd: (-1) df_construct_columns.Rd:15-21: Only 5 columns allowed in this table (row 3 has 4)
checkRd: (-1) df_construct_columns.Rd:15-21: Only 5 columns allowed in this table (row 4 has 4)
checkRd: (-1) df_construct_columns.Rd:15-21: Only 5 columns allowed in this table (row 5 has 4)
Flavors: r-devel-linux-x86_64-debian-clang, r-devel-linux-x86_64-debian-gcc, r-devel-windows-x86_64