Last updated on 2025-11-12 09:49:52 CET.
| Flavor | Version | Tinstall | Tcheck | Ttotal | Status | Flags |
|---|---|---|---|---|---|---|
| r-devel-linux-x86_64-debian-clang | 2.69.3 | 18.60 | 105.31 | 123.91 | WARN | |
| r-devel-linux-x86_64-debian-gcc | 2.69.3 | 12.10 | 81.44 | 93.54 | WARN | |
| r-devel-linux-x86_64-fedora-clang | 2.69.3 | 75.00 | 127.76 | 202.76 | WARN | |
| r-devel-linux-x86_64-fedora-gcc | 2.69.3 | 40.00 | 153.86 | 193.86 | WARN | |
| r-devel-windows-x86_64 | 2.69.3 | 18.00 | 124.00 | 142.00 | NOTE | |
| r-patched-linux-x86_64 | 2.69.3 | 20.26 | 101.92 | 122.18 | NOTE | |
| r-release-linux-x86_64 | 2.69.3 | 18.35 | 101.45 | 119.80 | NOTE | |
| r-release-macos-arm64 | 2.69.3 | 17.00 | 107.00 | 124.00 | NOTE | |
| r-release-macos-x86_64 | 2.69.3 | 18.00 | 97.00 | 115.00 | NOTE | |
| r-release-windows-x86_64 | 2.69.3 | 19.00 | 141.00 | 160.00 | NOTE | |
| r-oldrel-macos-arm64 | 2.69.3 | 16.00 | 64.00 | 80.00 | NOTE | |
| r-oldrel-macos-x86_64 | 2.69.3 | 14.00 | 72.00 | 86.00 | NOTE | |
| r-oldrel-windows-x86_64 | 2.69.3 | 22.00 | 142.00 | 164.00 | NOTE |
Version: 2.69.3
Check: compiled code
Result: WARN
File ‘PBSmodelling/libs/PBSmodelling.so’:
Found non-API call to R: ‘SET_TYPEOF’
This entry point may be removed soon.
Compiled code should not call non-API entry points in R.
See ‘Writing portable packages’ in the ‘Writing R Extensions’ manual,
and section ‘Moving into C API compliance’ for issues with the use of
non-API entry points.
Flavors: r-devel-linux-x86_64-debian-clang, r-devel-linux-x86_64-debian-gcc, r-devel-linux-x86_64-fedora-clang, r-devel-linux-x86_64-fedora-gcc
Version: 2.69.3
Check: compiled code
Result: NOTE
File 'PBSmodelling/libs/x64/PBSmodelling.dll':
Found non-API call to R: 'SET_TYPEOF'
Compiled code should not call non-API entry points in R.
See 'Writing portable packages' in the 'Writing R Extensions' manual,
and section 'Moving into C API compliance' for issues with the use of
non-API entry points.
Flavors: r-devel-windows-x86_64, r-release-windows-x86_64
Version: 2.69.3
Check: compiled code
Result: NOTE
File ‘PBSmodelling/libs/PBSmodelling.so’:
Found non-API call to R: ‘SET_TYPEOF’
Compiled code should not call non-API entry points in R.
See ‘Writing portable packages’ in the ‘Writing R Extensions’ manual,
and section ‘Moving into C API compliance’ for issues with the use of
non-API entry points.
Flavors: r-patched-linux-x86_64, r-release-linux-x86_64, r-release-macos-arm64, r-release-macos-x86_64
Version: 2.69.3
Check: installed package size
Result: NOTE
installed size is 5.4Mb
sub-directories of 1Mb or more:
doc 1.4Mb
examples 1.7Mb
Flavors: r-oldrel-macos-arm64, r-oldrel-macos-x86_64, r-oldrel-windows-x86_64