Last updated on 2025-11-23 09:50:56 CET.
| Flavor | Version | Tinstall | Tcheck | Ttotal | Status | Flags |
|---|---|---|---|---|---|---|
| r-devel-linux-x86_64-debian-clang | 0.0.1 | 65.87 | 66.09 | 131.96 | NOTE | |
| r-devel-linux-x86_64-debian-gcc | 0.0.1 | 57.45 | 52.68 | 110.13 | NOTE | |
| r-devel-linux-x86_64-fedora-clang | 0.0.1 | 116.00 | 101.29 | 217.29 | OK | |
| r-devel-windows-x86_64 | 0.0.1 | 66.00 | 95.00 | 161.00 | OK | |
| r-patched-linux-x86_64 | 0.0.1 | 81.96 | 76.89 | 158.85 | OK | |
| r-release-linux-x86_64 | 0.0.1 | 75.94 | 68.05 | 143.99 | OK | |
| r-release-macos-arm64 | 0.0.1 | OK | ||||
| r-release-macos-x86_64 | 0.0.1 | 60.00 | 77.00 | 137.00 | OK | |
| r-release-windows-x86_64 | 0.0.1 | 62.00 | 105.00 | 167.00 | OK | |
| r-oldrel-macos-arm64 | 0.0.1 | NOTE | ||||
| r-oldrel-macos-x86_64 | 0.0.1 | 39.00 | 53.00 | 92.00 | NOTE | |
| r-oldrel-windows-x86_64 | 0.0.1 | 73.00 | 119.00 | 192.00 | OK |
Version: 0.0.1
Check: CRAN incoming feasibility
Result: NOTE
Maintainer: ‘S. Varet <suzanne.varet@universite-paris-saclay.fr>’
No Authors@R field in DESCRIPTION.
Please add one, modifying
Authors@R: person(given = "S.",
family = "Varet",
role = c("aut", "cre"),
email = "suzanne.varet@universite-paris-saclay.fr")
as necessary.
Flavors: r-devel-linux-x86_64-debian-clang, r-devel-linux-x86_64-debian-gcc
Version: 0.0.1
Check: installed package size
Result: NOTE
installed size is 36.6Mb
sub-directories of 1Mb or more:
libs 36.4Mb
Flavors: r-oldrel-macos-arm64, r-oldrel-macos-x86_64