Last updated on 2024-08-07 09:49:13 CEST.
Flavor | Version | Tinstall | Tcheck | Ttotal | Status | Flags |
---|---|---|---|---|---|---|
r-devel-linux-x86_64-debian-clang | 1.2.1 | 2.49 | 18.46 | 20.95 | OK | |
r-devel-linux-x86_64-debian-gcc | 1.2.1 | 1.92 | 14.59 | 16.51 | OK | |
r-devel-linux-x86_64-fedora-clang | 1.2.1 | 36.49 | NOTE | |||
r-devel-linux-x86_64-fedora-gcc | 1.2.1 | 32.31 | NOTE | |||
r-devel-windows-x86_64 | 1.2.1 | 6.00 | 39.00 | 45.00 | OK | |
r-patched-linux-x86_64 | 1.2.1 | 2.64 | 18.03 | 20.67 | OK | |
r-release-linux-x86_64 | 1.2.1 | 2.10 | 18.06 | 20.16 | OK | |
r-release-macos-arm64 | 1.2.1 | 16.00 | OK | |||
r-release-macos-x86_64 | 1.2.1 | 20.00 | OK | |||
r-release-windows-x86_64 | 1.2.1 | 5.00 | 38.00 | 43.00 | OK | |
r-oldrel-macos-arm64 | 1.2.1 | 17.00 | OK | |||
r-oldrel-macos-x86_64 | 1.2.1 | 21.00 | OK | |||
r-oldrel-windows-x86_64 | 1.2.1 | 5.00 | 38.00 | 43.00 | OK |
Version: 1.2.1
Check: compiled code
Result: NOTE
File ‘PDSCE/libs/PDSCE.so’:
Found no calls to: ‘R_registerRoutines’, ‘R_useDynamicSymbols’
It is good practice to register native routines and to disable symbol
search.
See ‘Writing portable packages’ in the ‘Writing R Extensions’ manual.
Flavors: r-devel-linux-x86_64-fedora-clang, r-devel-linux-x86_64-fedora-gcc