Last updated on 2024-07-13 09:49:13 CEST.
Flavor | Version | Tinstall | Tcheck | Ttotal | Status | Flags |
---|---|---|---|---|---|---|
r-devel-linux-x86_64-debian-clang | 1.3.0 | 117.96 | 879.20 | 997.16 | OK | |
r-devel-linux-x86_64-debian-gcc | 1.3.0 | 76.94 | 545.87 | 622.81 | OK | |
r-devel-linux-x86_64-fedora-clang | 1.3.0 | 1176.09 | NOTE | |||
r-devel-linux-x86_64-fedora-gcc | 1.3.0 | 1363.42 | NOTE | |||
r-devel-windows-x86_64 | 1.3.0 | 89.00 | 639.00 | 728.00 | OK | |
r-patched-linux-x86_64 | 1.3.0 | 99.78 | 754.21 | 853.99 | OK | |
r-release-linux-x86_64 | 1.3.0 | 96.38 | 752.33 | 848.71 | OK | |
r-release-macos-arm64 | 1.3.0 | 231.00 | OK | |||
r-release-macos-x86_64 | 1.3.0 | 378.00 | OK | |||
r-release-windows-x86_64 | 1.3.0 | 89.00 | 639.00 | 728.00 | OK | |
r-oldrel-macos-arm64 | 1.3.0 | 285.00 | OK | |||
r-oldrel-macos-x86_64 | 1.3.0 | 455.00 | OK | |||
r-oldrel-windows-x86_64 | 1.3.0 | 108.00 | 822.00 | 930.00 | OK |
Version: 1.3.0
Check: dependencies in R code
Result: NOTE
Namespace in Imports field not imported from: ‘BH’
All declared Imports should be used.
Flavors: r-devel-linux-x86_64-fedora-clang, r-devel-linux-x86_64-fedora-gcc