Last updated on 2025-11-20 09:48:37 CET.
| Flavor | Version | Tinstall | Tcheck | Ttotal | Status | Flags |
|---|---|---|---|---|---|---|
| r-devel-linux-x86_64-debian-clang | 0.1.1 | 7.85 | 87.37 | 95.22 | NOTE | |
| r-devel-linux-x86_64-debian-gcc | 0.1.1 | 5.36 | 59.05 | 64.41 | NOTE | |
| r-devel-linux-x86_64-fedora-clang | 0.1.1 | 17.00 | 125.92 | 142.92 | OK | |
| r-devel-linux-x86_64-fedora-gcc | 0.1.1 | 15.00 | 137.80 | 152.80 | OK | |
| r-devel-windows-x86_64 | 0.1.1 | 11.00 | 87.00 | 98.00 | OK | |
| r-patched-linux-x86_64 | 0.1.1 | 6.43 | 80.54 | 86.97 | OK | |
| r-release-linux-x86_64 | 0.1.1 | 7.13 | 80.30 | 87.43 | OK | |
| r-release-macos-arm64 | 0.1.1 | OK | ||||
| r-release-macos-x86_64 | 0.1.1 | 6.00 | 72.00 | 78.00 | OK | |
| r-release-windows-x86_64 | 0.1.1 | 9.00 | 87.00 | 96.00 | OK | |
| r-oldrel-macos-arm64 | 0.1.1 | OK | ||||
| r-oldrel-macos-x86_64 | 0.1.1 | 5.00 | 58.00 | 63.00 | OK | |
| r-oldrel-windows-x86_64 | 0.1.1 | 12.00 | 112.00 | 124.00 | OK |
Version: 0.1.1
Check: CRAN incoming feasibility
Result: NOTE
Maintainer: ‘Takahiko Koizumi <takahiko.koizumi@riken.jp>’
No Authors@R field in DESCRIPTION.
Please add one, modifying
Authors@R: c(person(given = "Takahiko",
family = "Koizumi",
role = c("aut", "cre"),
email = "takahiko.koizumi@riken.jp"),
person(given = "Kenta",
family = "Suzuki",
role = "aut"),
person(given = "Yasunori",
family = "Ichihashi",
role = "aut"))
as necessary.
Flavors: r-devel-linux-x86_64-debian-clang, r-devel-linux-x86_64-debian-gcc