Last updated on 2024-08-05 09:48:15 CEST.
Flavor | Version | Tinstall | Tcheck | Ttotal | Status | Flags |
---|---|---|---|---|---|---|
r-devel-linux-x86_64-debian-clang | 3.2.5 | 193.16 | 126.17 | 319.33 | OK | |
r-devel-linux-x86_64-debian-gcc | 3.2.5 | 113.45 | 77.27 | 190.72 | OK | |
r-devel-linux-x86_64-fedora-gcc | 3.2.5 | 507.69 | OK | |||
r-devel-windows-x86_64 | 3.2.5 | 147.00 | 136.00 | 283.00 | OK | |
r-patched-linux-x86_64 | 3.2.5 | 149.02 | 99.77 | 248.79 | OK | |
r-release-linux-x86_64 | 3.2.5 | 172.85 | 131.96 | 304.81 | OK | |
r-release-macos-arm64 | 3.2.5 | 122.00 | NOTE | |||
r-release-macos-x86_64 | 3.2.5 | 130.00 | NOTE | |||
r-release-windows-x86_64 | 3.2.5 | 147.00 | 133.00 | 280.00 | OK | |
r-oldrel-macos-arm64 | 3.2.5 | 165.00 | NOTE | |||
r-oldrel-macos-x86_64 | 3.2.5 | 166.00 | NOTE | |||
r-oldrel-windows-x86_64 | 3.2.5 | 176.00 | 167.00 | 343.00 | OK |
Version: 3.2.5
Check: installed package size
Result: NOTE
installed size is 40.9Mb
sub-directories of 1Mb or more:
libs 40.4Mb
Flavors: r-release-macos-arm64, r-release-macos-x86_64, r-oldrel-macos-arm64, r-oldrel-macos-x86_64