Last updated on 2024-09-08 09:48:27 CEST.
Flavor | Version | Tinstall | Tcheck | Ttotal | Status | Flags |
---|---|---|---|---|---|---|
r-devel-linux-x86_64-debian-clang | 1.3.0.1 | 24.96 | 76.32 | 101.28 | OK | |
r-devel-linux-x86_64-debian-gcc | 1.3.0.1 | 15.11 | 53.69 | 68.80 | OK | |
r-devel-linux-x86_64-fedora-clang | 1.3.0.1 | 163.09 | NOTE | |||
r-devel-linux-x86_64-fedora-gcc | 1.3.0.1 | 158.46 | NOTE | |||
r-devel-windows-x86_64 | 1.3.0.1 | 23.00 | 113.00 | 136.00 | OK | |
r-patched-linux-x86_64 | 1.3.0.1 | 22.49 | 72.42 | 94.91 | OK | |
r-release-linux-x86_64 | 1.3.0.1 | 19.97 | 72.13 | 92.10 | OK | |
r-release-macos-arm64 | 1.3.0.1 | 48.00 | OK | |||
r-release-macos-x86_64 | 1.3.0.1 | 104.00 | OK | |||
r-release-windows-x86_64 | 1.3.0.1 | 22.00 | 107.00 | 129.00 | OK | |
r-oldrel-macos-arm64 | 1.3.0.1 | 50.00 | OK | |||
r-oldrel-macos-x86_64 | 1.3.0.1 | 81.00 | OK | |||
r-oldrel-windows-x86_64 | 1.3.0.1 | 28.00 | 125.00 | 153.00 | OK |
Version: 1.3.0.1
Check: installed package size
Result: NOTE
installed size is 5.1Mb
sub-directories of 1Mb or more:
libs 4.8Mb
Flavor: r-devel-linux-x86_64-fedora-clang
Version: 1.3.0.1
Check: compiled code
Result: NOTE
File ‘PWEALL/libs/PWEALL.so’:
Found no calls to: ‘R_registerRoutines’, ‘R_useDynamicSymbols’
It is good practice to register native routines and to disable symbol
search.
See ‘Writing portable packages’ in the ‘Writing R Extensions’ manual.
Flavors: r-devel-linux-x86_64-fedora-clang, r-devel-linux-x86_64-fedora-gcc