Last updated on 2025-10-22 09:50:44 CEST.
Flavor | Version | Tinstall | Tcheck | Ttotal | Status | Flags |
---|---|---|---|---|---|---|
r-devel-linux-x86_64-debian-clang | 3.5.0 | 2.93 | 51.38 | 54.31 | NOTE | |
r-devel-linux-x86_64-debian-gcc | 3.5.0 | 1.94 | 39.68 | 41.62 | NOTE | |
r-devel-linux-x86_64-fedora-clang | 3.5.0 | 76.44 | OK | |||
r-devel-linux-x86_64-fedora-gcc | 3.5.0 | 87.92 | OK | |||
r-devel-windows-x86_64 | 3.5.0 | 4.00 | 101.00 | 105.00 | OK | |
r-patched-linux-x86_64 | 3.5.0 | 3.08 | 48.49 | 51.57 | OK | |
r-release-linux-x86_64 | 3.5.0 | 2.84 | 48.38 | 51.22 | OK | |
r-release-macos-arm64 | 3.5.0 | 2.00 | 43.00 | 45.00 | OK | |
r-release-macos-x86_64 | 3.5.0 | 2.00 | 96.00 | 98.00 | OK | |
r-release-windows-x86_64 | 3.5.0 | 5.00 | 101.00 | 106.00 | OK | |
r-oldrel-macos-arm64 | 3.5.0 | 2.00 | 108.00 | 110.00 | OK | |
r-oldrel-macos-x86_64 | 3.5.0 | 3.00 | 79.00 | 82.00 | OK | |
r-oldrel-windows-x86_64 | 3.5.0 | 5.00 | 111.00 | 116.00 | OK |
Version: 3.5.0
Check: HTML version of manual
Result: NOTE
Found the following HTML validation problems:
clusterRequire.html:50:1 (clusterRequire.Rd:12): Warning: missing </ul> before </div>
excludeFromList.html:50:1 (excludeFromList.Rd:12): Warning: missing </ul> before </div>
layoutEmail.html:51:1 (layoutEmail.Rd:12): Warning: missing </ul> before </div>
layoutErrorReport.html:52:1 (layoutErrorReport.Rd:12): Warning: missing </ul> before </div>
layoutParallel.html:51:1 (layoutParallel.Rd:12): Warning: missing </ul> before </div>
layoutSimple.html:50:1 (layoutSimple.Rd:12): Warning: missing </ul> before </div>
layoutStackTrace.html:50:1 (layoutStackTrace.Rd:12): Warning: missing </ul> before </div>
Flavors: r-devel-linux-x86_64-debian-clang, r-devel-linux-x86_64-debian-gcc