Last updated on 2025-05-28 09:53:04 CEST.
Flavor | Version | Tinstall | Tcheck | Ttotal | Status | Flags |
---|---|---|---|---|---|---|
r-devel-linux-x86_64-debian-clang | 2023.9.4 | 2.33 | 21.60 | 23.93 | NOTE | |
r-devel-linux-x86_64-debian-gcc | 2023.9.4 | 1.86 | 17.11 | 18.97 | NOTE | |
r-devel-linux-x86_64-fedora-clang | 2023.9.4 | 37.21 | OK | |||
r-devel-linux-x86_64-fedora-gcc | 2023.9.4 | 38.18 | OK | |||
r-devel-windows-x86_64 | 2023.9.4 | 5.00 | 43.00 | 48.00 | OK | |
r-patched-linux-x86_64 | 2023.9.4 | 2.28 | 20.61 | 22.89 | OK | |
r-release-linux-x86_64 | 2023.9.4 | 2.28 | 20.56 | 22.84 | OK | |
r-release-macos-arm64 | 2023.9.4 | 15.00 | OK | |||
r-release-macos-x86_64 | 2023.9.4 | 28.00 | OK | |||
r-release-windows-x86_64 | 2023.9.4 | 8.00 | 50.00 | 58.00 | OK | |
r-oldrel-macos-arm64 | 2023.9.4 | 15.00 | OK | |||
r-oldrel-macos-x86_64 | 2023.9.4 | 23.00 | OK | |||
r-oldrel-windows-x86_64 | 2023.9.4 | 5.00 | 49.00 | 54.00 | OK |
Version: 2023.9.4
Check: CRAN incoming feasibility
Result: NOTE
Maintainer: ‘Toby Dylan Hocking <toby.hocking@r-project.org>’
No Authors@R field in DESCRIPTION.
Please add one, modifying
Authors@R: person(given = c("Toby", "Dylan"),
family = "Hocking",
role = c("aut", "cre"),
email = "toby.hocking@r-project.org")
as necessary.
Flavors: r-devel-linux-x86_64-debian-clang, r-devel-linux-x86_64-debian-gcc