Last updated on 2025-10-24 09:50:11 CEST.
| Flavor | Version | Tinstall | Tcheck | Ttotal | Status | Flags |
|---|---|---|---|---|---|---|
| r-devel-linux-x86_64-debian-clang | 1.2.5 | 5.36 | 49.16 | 54.52 | OK | |
| r-devel-linux-x86_64-debian-gcc | 1.2.5 | 3.90 | 36.82 | 40.72 | OK | |
| r-devel-linux-x86_64-fedora-clang | 1.2.5 | 34.00 | 53.01 | 87.01 | NOTE | |
| r-devel-linux-x86_64-fedora-gcc | 1.2.5 | 45.00 | 42.29 | 87.29 | NOTE | |
| r-devel-windows-x86_64 | 1.2.5 | 7.00 | 61.00 | 68.00 | OK | |
| r-patched-linux-x86_64 | 1.2.5 | 5.17 | 47.10 | 52.27 | OK | |
| r-release-linux-x86_64 | 1.2.5 | 4.53 | 46.82 | 51.35 | OK | |
| r-release-macos-arm64 | 1.2.5 | 3.00 | 24.00 | 27.00 | OK | |
| r-release-macos-x86_64 | 1.2.5 | 8.00 | 46.00 | 54.00 | OK | |
| r-release-windows-x86_64 | 1.2.5 | 8.00 | 63.00 | 71.00 | OK | |
| r-oldrel-macos-arm64 | 1.2.5 | 3.00 | 22.00 | 25.00 | OK | |
| r-oldrel-macos-x86_64 | 1.2.5 | 5.00 | 33.00 | 38.00 | OK | |
| r-oldrel-windows-x86_64 | 1.2.5 | 7.00 | 61.00 | 68.00 | OK |
Version: 1.2.5
Check: compiled code
Result: NOTE
File ‘PerfMeas/libs/PerfMeas.so’:
Found no calls to: ‘R_registerRoutines’, ‘R_useDynamicSymbols’
It is good practice to register native routines and to disable symbol
search.
See ‘Writing portable packages’ in the ‘Writing R Extensions’ manual.
Flavors: r-devel-linux-x86_64-fedora-clang, r-devel-linux-x86_64-fedora-gcc