Last updated on 2024-08-05 09:48:14 CEST.
Flavor | Version | Tinstall | Tcheck | Ttotal | Status | Flags |
---|---|---|---|---|---|---|
r-devel-linux-x86_64-debian-clang | 1.7.0 | 49.49 | 521.24 | 570.73 | OK | |
r-devel-linux-x86_64-debian-gcc | 1.7.0 | 28.28 | 258.21 | 286.49 | NOTE | |
r-devel-linux-x86_64-fedora-gcc | 1.7.0 | 694.11 | OK | |||
r-devel-windows-x86_64 | 1.7.0 | 47.00 | 367.00 | 414.00 | NOTE | |
r-patched-linux-x86_64 | 1.7.0 | 45.03 | 368.80 | 413.83 | OK | |
r-release-linux-x86_64 | 1.7.0 | 54.51 | 493.12 | 547.63 | OK | |
r-release-macos-arm64 | 1.7.0 | 167.00 | NOTE | |||
r-release-macos-x86_64 | 1.7.0 | 274.00 | NOTE | |||
r-release-windows-x86_64 | 1.7.0 | 46.00 | 364.00 | 410.00 | OK | |
r-oldrel-macos-arm64 | 1.7.0 | 179.00 | NOTE | |||
r-oldrel-macos-x86_64 | 1.7.0 | 424.00 | NOTE | |||
r-oldrel-windows-x86_64 | 1.7.0 | 55.00 | 483.00 | 538.00 | OK |
Version: 1.7.0
Check: Rd cross-references
Result: NOTE
Found the following Rd file(s) with Rd \link{} targets missing package
anchors:
PhyloEM.Rd: ape, is.ultrametric, di2multi
estimateEM.Rd: ape
plot.PhyloEM.Rd: plot.phylo
plot.equivalent_shifts.Rd: plot.phylo
plot.params_process.Rd: plot.phylo
Please provide package anchors for all Rd \link{} targets not in the
package itself and the base packages.
Flavors: r-devel-linux-x86_64-debian-gcc, r-devel-windows-x86_64
Version: 1.7.0
Check: installed package size
Result: NOTE
installed size is 5.1Mb
sub-directories of 1Mb or more:
libs 3.5Mb
Flavors: r-release-macos-arm64, r-release-macos-x86_64, r-oldrel-macos-arm64, r-oldrel-macos-x86_64