Last updated on 2025-10-21 09:48:42 CEST.
Flavor | Version | Tinstall | Tcheck | Ttotal | Status | Flags |
---|---|---|---|---|---|---|
r-devel-linux-x86_64-debian-clang | 0.1.0 | 9.18 | 265.00 | 274.18 | OK | |
r-devel-linux-x86_64-debian-gcc | 0.1.0 | 6.91 | 164.50 | 171.41 | NOTE | |
r-devel-linux-x86_64-fedora-clang | 0.1.0 | 471.78 | OK | |||
r-devel-linux-x86_64-fedora-gcc | 0.1.0 | 473.19 | OK | |||
r-devel-windows-x86_64 | 0.1.0 | 12.00 | 284.00 | 296.00 | OK | |
r-patched-linux-x86_64 | 0.1.0 | 9.10 | 251.98 | 261.08 | OK | |
r-release-linux-x86_64 | 0.1.0 | 8.98 | 249.93 | 258.91 | OK | |
r-release-macos-arm64 | 0.1.0 | 120.00 | OK | |||
r-release-macos-x86_64 | 0.1.0 | 244.00 | OK | |||
r-release-windows-x86_64 | 0.1.0 | 13.00 | 281.00 | 294.00 | OK | |
r-oldrel-macos-arm64 | 0.1.0 | 129.00 | OK | |||
r-oldrel-macos-x86_64 | 0.1.0 | 290.00 | OK | |||
r-oldrel-windows-x86_64 | 0.1.0 | 16.00 | 405.00 | 421.00 | OK |
Version: 0.1.0
Check: HTML version of manual
Result: NOTE
Found the following HTML validation problems:
GPsInElevGaps.html:80:1 (GPsInElevGaps.Rd:33): Warning: missing </ul> before </div>
changewindowSize.html:56:1 (changewindowSize.Rd:16): Warning: missing </ul> before </div>
classifSumm.html:66:1 (classifSumm.Rd:22): Warning: missing </ul> before </div>
collectBestMatchInfo.html:62:1 (collectBestMatchInfo.Rd:18): Warning: missing </ul> before </div>
contigChunks.html:53:1 (contigChunks.Rd:15): Warning: missing </ul> before </div>
elevOrGapClassif.html:53:1 (elevOrGapClassif.Rd:14): Warning: missing </ul> before </div>
fullElevGap.html:66:1 (fullElevGap.Rd:21): Warning: missing </ul> before </div>
fullElevGapShrink.html:92:1 (fullElevGapShrink.Rd:39): Warning: missing </ul> before </div>
geneAnnotationPlot.html:91:1 (geneAnnotationPlot.Rd:38): Warning: missing </ul> before </div>
genomeChunks.html:53:1 (genomeChunks.Rd:15): Warning: missing </ul> before </div>
linkChunks.html:65:1 (linkChunks.Rd:20): Warning: missing </ul> before </div>
noPattern.html:49:1 (noPattern.Rd:11): Warning: missing </ul> before </div>
partialElevGap.html:63:1 (partialElevGap.Rd:19): Warning: missing </ul> before </div>
partialElevGapShrink.html:92:1 (partialElevGapShrink.Rd:39): Warning: missing </ul> before </div>
patternBuilder.html:53:1 (patternBuilder.Rd:14): Warning: missing </ul> before </div>
patternMatcher.html:84:1 (patternMatcher.Rd:33): Warning: missing </ul> before </div>
patternTranslator.html:65:1 (patternTranslator.Rd:20): Warning: missing </ul> before </div>
pileupFormatter.html:52:1 (pileupFormatter.Rd:13): Warning: missing </ul> before </div>
removeNoPatterns.html:48:1 (removeNoPatterns.Rd:11): Warning: missing </ul> before </div>
Flavor: r-devel-linux-x86_64-debian-gcc