Last updated on 2025-05-28 09:53:06 CEST.
Flavor | Version | Tinstall | Tcheck | Ttotal | Status | Flags |
---|---|---|---|---|---|---|
r-devel-linux-x86_64-debian-clang | 1.0.1 | 1.76 | 21.23 | 22.99 | NOTE | |
r-devel-linux-x86_64-debian-gcc | 1.0.1 | 1.42 | 17.47 | 18.89 | NOTE | |
r-devel-linux-x86_64-fedora-clang | 1.0.1 | 34.65 | NOTE | |||
r-devel-linux-x86_64-fedora-gcc | 1.0.1 | 34.17 | NOTE | |||
r-devel-windows-x86_64 | 1.0.1 | 4.00 | 42.00 | 46.00 | NOTE | |
r-patched-linux-x86_64 | 1.0.1 | 1.93 | 19.42 | 21.35 | NOTE | |
r-release-linux-x86_64 | 1.0.1 | 1.87 | 19.38 | 21.25 | NOTE | |
r-release-macos-arm64 | 1.0.1 | 17.00 | NOTE | |||
r-release-macos-x86_64 | 1.0.1 | 24.00 | NOTE | |||
r-release-windows-x86_64 | 1.0.1 | 3.00 | 41.00 | 44.00 | NOTE | |
r-oldrel-macos-arm64 | 1.0.1 | 16.00 | OK | |||
r-oldrel-macos-x86_64 | 1.0.1 | 26.00 | OK | |||
r-oldrel-windows-x86_64 | 1.0.1 | 3.00 | 45.00 | 48.00 | OK |
Version: 1.0.1
Check: DESCRIPTION meta-information
Result: NOTE
Missing dependency on R >= 4.1.0 because package code uses the pipe
|> or function shorthand \(...) syntax added in R 4.1.0.
File(s) using such syntax:
‘check_api_key.R’ ‘get_organization_data.R’ ‘get_sensor_data.R’
‘get_sensor_history.R’ ‘get_sensors_data.R’ ‘purple_air_request.R’
Flavors: r-devel-linux-x86_64-debian-clang, r-devel-linux-x86_64-debian-gcc, r-devel-linux-x86_64-fedora-clang, r-devel-linux-x86_64-fedora-gcc, r-devel-windows-x86_64, r-patched-linux-x86_64, r-release-linux-x86_64, r-release-macos-arm64, r-release-macos-x86_64, r-release-windows-x86_64