Last updated on 2025-10-01 09:49:51 CEST.
Flavor | Version | Tinstall | Tcheck | Ttotal | Status | Flags |
---|---|---|---|---|---|---|
r-devel-linux-x86_64-debian-clang | 2.1.1 | 28.59 | 100.51 | 129.10 | NOTE | |
r-devel-linux-x86_64-debian-gcc | 2.1.1 | 17.79 | 67.80 | 85.59 | NOTE | |
r-devel-linux-x86_64-fedora-clang | 2.1.1 | 199.29 | OK | |||
r-devel-linux-x86_64-fedora-gcc | 2.1.1 | 186.49 | OK | |||
r-devel-windows-x86_64 | 2.1.1 | 29.00 | 113.00 | 142.00 | OK | |
r-patched-linux-x86_64 | 2.1.1 | 25.38 | 91.65 | 117.03 | OK | |
r-release-linux-x86_64 | 2.1.1 | 21.07 | 92.20 | 113.27 | OK | |
r-release-macos-arm64 | 2.1.1 | 56.00 | OK | |||
r-release-macos-x86_64 | 2.1.1 | 187.00 | OK | |||
r-release-windows-x86_64 | 2.1.1 | 28.00 | 113.00 | 141.00 | OK | |
r-oldrel-macos-arm64 | 2.1.1 | 52.00 | OK | |||
r-oldrel-macos-x86_64 | 2.1.1 | 79.00 | OK | |||
r-oldrel-windows-x86_64 | 2.1.1 | 37.00 | 141.00 | 178.00 | OK |
Version: 2.1.1
Check: CRAN incoming feasibility
Result: NOTE
Maintainer: ‘Yuanming Zhang<soyzhang@mail.hzau.edu.cn>’
No Authors@R field in DESCRIPTION.
Please add one, modifying
Authors@R: c(person(given = "Zhang",
family = "Ya-Wen",
role = "aut"),
person(given = "Wen",
family = "Yang-Jun",
role = "aut"),
person(given = "Wang",
family = "Shi-Bo",
role = "aut"),
person(given = "Zhang",
family = "Yuan-Ming",
role = "aut"),
person(given = "Yuanming",
family = "Zhang",
role = "cre",
email = "soyzhang@mail.hzau.edu.cn"))
as necessary.
Flavors: r-devel-linux-x86_64-debian-clang, r-devel-linux-x86_64-debian-gcc