Last updated on 2025-05-22 09:51:50 CEST.
Flavor | Version | Tinstall | Tcheck | Ttotal | Status | Flags |
---|---|---|---|---|---|---|
r-devel-linux-x86_64-debian-clang | 1.5.9 | 29.55 | 120.62 | 150.17 | NOTE | |
r-devel-linux-x86_64-debian-gcc | 1.5.9 | 21.78 | 83.03 | 104.81 | NOTE | |
r-devel-linux-x86_64-fedora-clang | 1.5.9 | 246.15 | OK | |||
r-devel-linux-x86_64-fedora-gcc | 1.5.9 | 252.08 | OK | |||
r-devel-windows-x86_64 | 1.5.9 | 36.00 | 143.00 | 179.00 | NOTE | |
r-patched-linux-x86_64 | 1.5.9 | 29.91 | 113.50 | 143.41 | NOTE | |
r-release-linux-x86_64 | 1.5.9 | 30.79 | 115.05 | 145.84 | NOTE | |
r-release-macos-arm64 | 1.5.9 | 76.00 | OK | |||
r-release-macos-x86_64 | 1.5.9 | 140.00 | OK | |||
r-release-windows-x86_64 | 1.5.9 | 35.00 | 146.00 | 181.00 | NOTE | |
r-oldrel-macos-arm64 | 1.5.9 | 59.00 | OK | |||
r-oldrel-macos-x86_64 | 1.5.9 | 97.00 | OK | |||
r-oldrel-windows-x86_64 | 1.5.9 | 42.00 | 171.00 | 213.00 | OK |
Version: 1.5.9
Check: Rd cross-references
Result: NOTE
Found the following Rd file(s) with Rd \link{} targets missing package
anchors:
KhmaladzeFormat.Rd: KhmaladzeTest
cmidecdf.Rd: npcdistbw
mice.impute.rq.Rd: rq
midrqControl.Rd: npcdistbw
qlss.Rd: rq
rq.counts.Rd: rq
rrq.Rd: rq
sparsity.rqt.Rd: rq
summary.rqt.Rd: summary.rq, boot
summary.rrq.Rd: boot
tsrq.Rd: rq
Please provide package anchors for all Rd \link{} targets not in the
package itself and the base packages.
Flavors: r-devel-linux-x86_64-debian-clang, r-devel-linux-x86_64-debian-gcc, r-devel-windows-x86_64, r-patched-linux-x86_64, r-release-linux-x86_64, r-release-windows-x86_64