Last updated on 2024-08-05 09:48:15 CEST.
Flavor | Version | Tinstall | Tcheck | Ttotal | Status | Flags |
---|---|---|---|---|---|---|
r-devel-linux-x86_64-debian-clang | 1.0.5 | 6.26 | 49.14 | 55.40 | NOTE | |
r-devel-linux-x86_64-debian-gcc | 1.0.5 | 3.45 | 26.42 | 29.87 | NOTE | |
r-devel-linux-x86_64-fedora-gcc | 1.0.5 | 66.51 | NOTE | |||
r-devel-windows-x86_64 | 1.0.5 | 7.00 | 59.00 | 66.00 | NOTE | |
r-patched-linux-x86_64 | 1.0.5 | 4.59 | 35.77 | 40.36 | NOTE | |
r-release-linux-x86_64 | 1.0.5 | 4.76 | 46.58 | 51.34 | NOTE | |
r-release-macos-arm64 | 1.0.5 | 24.00 | NOTE | |||
r-release-macos-x86_64 | 1.0.5 | 38.00 | NOTE | |||
r-release-windows-x86_64 | 1.0.5 | 7.00 | 58.00 | 65.00 | NOTE | |
r-oldrel-macos-arm64 | 1.0.5 | 23.00 | NOTE | |||
r-oldrel-macos-x86_64 | 1.0.5 | 56.00 | NOTE | |||
r-oldrel-windows-x86_64 | 1.0.5 | 8.00 | 64.00 | 72.00 | NOTE |
Version: 1.0.5
Check: package dependencies
Result: NOTE
Package suggested but not available for checking: ‘ReGenesees’
Flavors: r-devel-linux-x86_64-debian-clang, r-devel-linux-x86_64-debian-gcc, r-devel-linux-x86_64-fedora-gcc, r-devel-windows-x86_64, r-patched-linux-x86_64, r-release-linux-x86_64, r-release-macos-arm64, r-release-macos-x86_64, r-release-windows-x86_64, r-oldrel-macos-arm64, r-oldrel-macos-x86_64, r-oldrel-windows-x86_64