Last updated on 2025-10-31 08:50:24 CET.
| Flavor | Version | Tinstall | Tcheck | Ttotal | Status | Flags | 
|---|---|---|---|---|---|---|
| r-devel-linux-x86_64-debian-clang | 0.1.0 | 3.29 | 30.85 | 34.14 | NOTE | |
| r-devel-linux-x86_64-debian-gcc | 0.1.0 | 2.45 | 24.78 | 27.23 | NOTE | |
| r-devel-linux-x86_64-fedora-clang | 0.1.0 | 51.39 | NOTE | |||
| r-devel-linux-x86_64-fedora-gcc | 0.1.0 | 47.63 | NOTE | |||
| r-devel-windows-x86_64 | 0.1.0 | 5.00 | 54.00 | 59.00 | NOTE | |
| r-patched-linux-x86_64 | 0.1.0 | 3.63 | 28.16 | 31.79 | NOTE | |
| r-release-linux-x86_64 | 0.1.0 | 3.24 | 28.63 | 31.87 | NOTE | |
| r-release-macos-arm64 | 0.1.0 | 2.00 | 20.00 | 22.00 | NOTE | |
| r-release-macos-x86_64 | 0.1.0 | 3.00 | 34.00 | 37.00 | NOTE | |
| r-release-windows-x86_64 | 0.1.0 | 5.00 | 49.00 | 54.00 | NOTE | |
| r-oldrel-macos-arm64 | 0.1.0 | 1.00 | 189.00 | 190.00 | OK | |
| r-oldrel-macos-x86_64 | 0.1.0 | 2.00 | 196.00 | 198.00 | OK | |
| r-oldrel-windows-x86_64 | 0.1.0 | 6.00 | 56.00 | 62.00 | OK | 
Version: 0.1.0
Check: DESCRIPTION meta-information
Result: NOTE
    Missing dependency on R >= 4.1.0 because package code uses the pipe
    |> or function shorthand \(...) syntax added in R 4.1.0.
    File(s) using such syntax:
      ‘utils.R’
Flavors: r-devel-linux-x86_64-debian-clang, r-devel-linux-x86_64-debian-gcc, r-devel-linux-x86_64-fedora-clang, r-devel-linux-x86_64-fedora-gcc, r-devel-windows-x86_64, r-patched-linux-x86_64, r-release-linux-x86_64, r-release-macos-arm64, r-release-macos-x86_64, r-release-windows-x86_64