Last updated on 2025-11-15 09:48:59 CET.
| Flavor | Version | Tinstall | Tcheck | Ttotal | Status | Flags |
|---|---|---|---|---|---|---|
| r-devel-linux-x86_64-debian-clang | 2.0 | 2.82 | 76.58 | 79.40 | NOTE | |
| r-devel-linux-x86_64-debian-gcc | 2.0 | 2.24 | 65.24 | 67.48 | NOTE | |
| r-devel-linux-x86_64-fedora-clang | 2.0 | 23.00 | 104.85 | 127.85 | OK | |
| r-devel-linux-x86_64-fedora-gcc | 2.0 | 11.00 | 117.42 | 128.42 | OK | |
| r-devel-windows-x86_64 | 2.0 | 6.00 | 99.00 | 105.00 | OK | |
| r-patched-linux-x86_64 | 2.0 | 3.46 | 72.48 | 75.94 | OK | |
| r-release-linux-x86_64 | 2.0 | 2.82 | 75.26 | 78.08 | OK | |
| r-release-macos-arm64 | 2.0 | 1.00 | 42.00 | 43.00 | OK | |
| r-release-macos-x86_64 | 2.0 | 3.00 | 85.00 | 88.00 | OK | |
| r-release-windows-x86_64 | 2.0 | 5.00 | 96.00 | 101.00 | OK | |
| r-oldrel-macos-arm64 | 2.0 | 1.00 | 38.00 | 39.00 | OK | |
| r-oldrel-macos-x86_64 | 2.0 | 2.00 | 58.00 | 60.00 | OK | |
| r-oldrel-windows-x86_64 | 2.0 | 6.00 | 116.00 | 122.00 | OK |
Version: 2.0
Check: CRAN incoming feasibility
Result: NOTE
Maintainer: ‘Matthias Kohl <Matthias.Kohl@stamats.de>’
Package CITATION file contains call(s) to old-style personList() or
as.personList(). Please use c() on person objects instead.
Flavors: r-devel-linux-x86_64-debian-clang, r-devel-linux-x86_64-debian-gcc