Last updated on 2024-08-05 09:48:17 CEST.
Flavor | Version | Tinstall | Tcheck | Ttotal | Status | Flags |
---|---|---|---|---|---|---|
r-devel-linux-x86_64-debian-clang | 1.0-11 | 5.75 | 165.83 | 171.58 | NOTE | |
r-devel-linux-x86_64-debian-gcc | 1.0-11 | 2.99 | 77.42 | 80.41 | NOTE | |
r-devel-linux-x86_64-fedora-gcc | 1.0-11 | 199.58 | NOTE | |||
r-devel-windows-x86_64 | 1.0-11 | 6.00 | 126.00 | 132.00 | NOTE | |
r-patched-linux-x86_64 | 1.0-11 | 4.00 | 115.77 | 119.77 | NOTE | |
r-release-linux-x86_64 | 1.0-11 | 5.52 | 146.63 | 152.15 | NOTE | |
r-release-macos-arm64 | 1.0-11 | 57.00 | NOTE | |||
r-release-macos-x86_64 | 1.0-11 | 96.00 | NOTE | |||
r-release-windows-x86_64 | 1.0-11 | 6.00 | 121.00 | 127.00 | NOTE | |
r-oldrel-macos-arm64 | 1.0-11 | 52.00 | NOTE | |||
r-oldrel-macos-x86_64 | 1.0-11 | 93.00 | NOTE | |||
r-oldrel-windows-x86_64 | 1.0-11 | 6.00 | 152.00 | 158.00 | NOTE |
Version: 1.0-11
Check: Rd files
Result: NOTE
checkRd: (-1) performance.Rd:35: Escaped LaTeX specials: \#
checkRd: (-1) performance.Rd:36: Escaped LaTeX specials: \# \# \#
checkRd: (-1) performance.Rd:37: Escaped LaTeX specials: \# \#
Flavors: r-devel-linux-x86_64-debian-clang, r-devel-linux-x86_64-debian-gcc, r-devel-linux-x86_64-fedora-gcc, r-devel-windows-x86_64, r-patched-linux-x86_64, r-release-linux-x86_64, r-release-macos-arm64, r-release-macos-x86_64, r-release-windows-x86_64, r-oldrel-macos-arm64, r-oldrel-macos-x86_64, r-oldrel-windows-x86_64