CRAN Package Check Results for Package RPostgres

Last updated on 2025-10-22 09:50:50 CEST.

Flavor Version Tinstall Tcheck Ttotal Status Flags
r-devel-linux-x86_64-debian-clang 1.4.8 54.14 56.94 111.08 NOTE
r-devel-linux-x86_64-debian-gcc 1.4.8 33.62 43.74 77.36 NOTE
r-devel-linux-x86_64-fedora-clang 1.4.8 114.00 93.48 207.48 OK
r-devel-linux-x86_64-fedora-gcc 1.4.8 87.00 101.87 188.87 OK
r-devel-windows-x86_64 1.4.8 89.00 383.00 472.00 OK
r-patched-linux-x86_64 1.4.8 47.45 53.76 101.21 OK
r-release-linux-x86_64 1.4.8 48.04 53.95 101.99 OK
r-release-macos-arm64 1.4.8 29.00 51.00 80.00 OK
r-release-macos-x86_64 1.4.8 29.00 86.00 115.00 OK
r-release-windows-x86_64 1.4.8 95.00 382.00 477.00 OK
r-oldrel-macos-arm64 1.4.8 23.00 45.00 68.00 NOTE
r-oldrel-macos-x86_64 1.4.8 29.00 117.00 146.00 NOTE
r-oldrel-windows-x86_64 1.4.8 123.00 420.00 543.00 NOTE

Additional issues

rchk

Check Details

Version: 1.4.8
Check: HTML version of manual
Result: NOTE Found the following HTML validation problems: Redshift.html:117:1 (Redshift.Rd:67): Warning: missing </ul> before </div> dbDataType.html:54:1 (dbDataType.Rd:18): Warning: missing </ul> before </div> Flavors: r-devel-linux-x86_64-debian-clang, r-devel-linux-x86_64-debian-gcc

Version: 1.4.8
Check: installed package size
Result: NOTE installed size is 7.5Mb sub-directories of 1Mb or more: libs 7.0Mb Flavors: r-oldrel-macos-arm64, r-oldrel-macos-x86_64, r-oldrel-windows-x86_64