Last updated on 2024-07-16 09:50:23 CEST.
Flavor | Version | Tinstall | Tcheck | Ttotal | Status | Flags |
---|---|---|---|---|---|---|
r-devel-linux-x86_64-debian-clang | 2.3 | 6.93 | 53.05 | 59.98 | NOTE | |
r-devel-linux-x86_64-debian-gcc | 2.3 | 5.22 | 39.19 | 44.41 | NOTE | |
r-devel-linux-x86_64-fedora-clang | 2.3 | 75.74 | NOTE | |||
r-devel-linux-x86_64-fedora-gcc | 2.3 | 75.58 | NOTE | |||
r-devel-windows-x86_64 | 2.3 | 6.00 | 68.00 | 74.00 | NOTE | |
r-patched-linux-x86_64 | 2.3 | 8.32 | 50.74 | 59.06 | NOTE | |
r-release-linux-x86_64 | 2.3 | 5.74 | 51.64 | 57.38 | NOTE | |
r-release-macos-arm64 | 2.3 | 25.00 | NOTE | |||
r-release-macos-x86_64 | 2.3 | 43.00 | NOTE | |||
r-release-windows-x86_64 | 2.3 | 6.00 | 67.00 | 73.00 | NOTE | |
r-oldrel-macos-arm64 | 2.3 | 25.00 | OK | |||
r-oldrel-macos-x86_64 | 2.3 | 82.00 | OK | |||
r-oldrel-windows-x86_64 | 2.3 | 6.00 | 73.00 | 79.00 | OK |
Version: 2.3
Check: Rd files
Result: NOTE
checkRd: (-1) plot.eff.ridge.Rd:6: Lost braces
6 | emph{Single Interior Knot} at the MSE Optimal m-Extent of Shrinkage. The
| ^
Flavors: r-devel-linux-x86_64-debian-clang, r-devel-linux-x86_64-debian-gcc, r-devel-linux-x86_64-fedora-clang, r-devel-linux-x86_64-fedora-gcc, r-devel-windows-x86_64, r-patched-linux-x86_64, r-release-linux-x86_64, r-release-macos-arm64, r-release-macos-x86_64, r-release-windows-x86_64
Version: 2.3
Check: Rd cross-references
Result: NOTE
Found the following Rd file(s) with Rd \link{} targets missing package
anchors:
eff.biv.Rd: ellipse.lm
Please provide package anchors for all Rd \link{} targets not in the
package itself and the base packages.
Flavor: r-devel-windows-x86_64