Last updated on 2025-11-12 09:49:55 CET.
| Flavor | Version | Tinstall | Tcheck | Ttotal | Status | Flags |
|---|---|---|---|---|---|---|
| r-devel-linux-x86_64-debian-clang | 1.0.6 | 16.80 | 40.34 | 57.14 | NOTE | |
| r-devel-linux-x86_64-debian-gcc | 1.0.6 | 12.16 | 30.26 | 42.42 | NOTE | |
| r-devel-linux-x86_64-fedora-clang | 1.0.6 | 39.00 | 52.92 | 91.92 | NOTE | |
| r-devel-linux-x86_64-fedora-gcc | 1.0.6 | 43.00 | 44.45 | 87.45 | NOTE | |
| r-devel-windows-x86_64 | 1.0.6 | 22.00 | 87.00 | 109.00 | NOTE | |
| r-patched-linux-x86_64 | 1.0.6 | 16.21 | 37.52 | 53.73 | NOTE | |
| r-release-linux-x86_64 | 1.0.6 | 17.63 | 37.07 | 54.70 | NOTE | |
| r-release-macos-arm64 | 1.0.6 | 7.00 | 33.00 | 40.00 | NOTE | |
| r-release-macos-x86_64 | 1.0.6 | 12.00 | 51.00 | 63.00 | NOTE | |
| r-release-windows-x86_64 | 1.0.6 | 22.00 | 81.00 | 103.00 | NOTE | |
| r-oldrel-macos-arm64 | 1.0.6 | 6.00 | 37.00 | 43.00 | OK | |
| r-oldrel-macos-x86_64 | 1.0.6 | 10.00 | 49.00 | 59.00 | OK | |
| r-oldrel-windows-x86_64 | 1.0.6 | 27.00 | 102.00 | 129.00 | OK |
Version: 1.0.6
Check: DESCRIPTION meta-information
Result: NOTE
Missing dependency on R >= 4.1.0 because package code uses the pipe
|> or function shorthand \(...) syntax added in R 4.1.0.
File(s) using such syntax:
‘evds_table_api.R’ ‘excel_internal.R’ ‘request_funcs.R’
‘sp_df_utils.R’
Flavors: r-devel-linux-x86_64-debian-clang, r-devel-linux-x86_64-debian-gcc, r-devel-linux-x86_64-fedora-clang, r-devel-linux-x86_64-fedora-gcc, r-devel-windows-x86_64, r-patched-linux-x86_64, r-release-linux-x86_64, r-release-macos-arm64, r-release-macos-x86_64, r-release-windows-x86_64