Last updated on 2024-09-08 09:48:28 CEST.
Flavor | Version | Tinstall | Tcheck | Ttotal | Status | Flags |
---|---|---|---|---|---|---|
r-devel-linux-x86_64-debian-clang | 0.2-3 | 17.70 | 127.74 | 145.44 | NOTE | |
r-devel-linux-x86_64-debian-gcc | 0.2-3 | 14.39 | 96.54 | 110.93 | NOTE | |
r-devel-linux-x86_64-fedora-clang | 0.2-3 | 250.17 | OK | |||
r-devel-linux-x86_64-fedora-gcc | 0.2-3 | 248.34 | OK | |||
r-devel-windows-x86_64 | 0.2-3 | 40.00 | 324.00 | 364.00 | NOTE | |
r-patched-linux-x86_64 | 0.2-3 | 23.33 | 121.94 | 145.27 | OK | |
r-release-linux-x86_64 | 0.2-3 | 16.76 | 122.43 | 139.19 | OK | |
r-release-macos-arm64 | 0.2-3 | 86.00 | OK | |||
r-release-macos-x86_64 | 0.2-3 | 111.00 | OK | |||
r-release-windows-x86_64 | 0.2-3 | 24.00 | 216.00 | 240.00 | OK | |
r-oldrel-macos-arm64 | 0.2-3 | 71.00 | OK | |||
r-oldrel-macos-x86_64 | 0.2-3 | 242.00 | OK | |||
r-oldrel-windows-x86_64 | 0.2-3 | 24.00 | 159.00 | 183.00 | OK |
Version: 0.2-3
Check: Rd cross-references
Result: NOTE
Found the following Rd file(s) with Rd \link{} targets missing package
anchors:
RcmdrPlugin.BWS3-package.Rd: support.BWS3, support.CEs, Rcmdr
Please provide package anchors for all Rd \link{} targets not in the
package itself and the base packages.
Flavors: r-devel-linux-x86_64-debian-clang, r-devel-linux-x86_64-debian-gcc, r-devel-windows-x86_64