Last updated on 2025-10-22 09:50:48 CEST.
Flavor | Version | Tinstall | Tcheck | Ttotal | Status | Flags |
---|---|---|---|---|---|---|
r-devel-linux-x86_64-debian-clang | 1.1.4 | 29.50 | 184.03 | 213.53 | NOTE | |
r-devel-linux-x86_64-debian-gcc | 1.1.4 | 23.13 | 137.91 | 161.04 | NOTE | |
r-devel-linux-x86_64-fedora-clang | 1.1.4 | 81.00 | 274.77 | 355.77 | OK | |
r-devel-linux-x86_64-fedora-gcc | 1.1.4 | 68.00 | 264.04 | 332.04 | OK | |
r-devel-windows-x86_64 | 1.1.4 | 46.00 | 313.00 | 359.00 | OK | |
r-patched-linux-x86_64 | 1.1.4 | 35.13 | 191.44 | 226.57 | OK | |
r-release-linux-x86_64 | 1.1.4 | 32.36 | 191.34 | 223.70 | OK | |
r-release-macos-arm64 | 1.1.4 | 36.00 | 136.00 | 172.00 | OK | |
r-release-macos-x86_64 | 1.1.4 | 37.00 | 183.00 | 220.00 | OK | |
r-release-windows-x86_64 | 1.1.4 | 28.00 | 160.00 | 188.00 | OK | |
r-oldrel-macos-arm64 | 1.1.4 | 32.00 | 148.00 | 180.00 | OK | |
r-oldrel-macos-x86_64 | 1.1.4 | 43.00 | 183.00 | 226.00 | OK | |
r-oldrel-windows-x86_64 | 1.1.4 | 39.00 | 227.00 | 266.00 | OK |
Version: 1.1.4
Check: HTML version of manual
Result: NOTE
Found the following HTML validation problems:
Utilities.html:74:1 (Utilities.Rd:40): Warning: missing </ul> before </div>
Flavors: r-devel-linux-x86_64-debian-clang, r-devel-linux-x86_64-debian-gcc