Last updated on 2025-11-19 09:48:47 CET.
| Flavor | Version | Tinstall | Tcheck | Ttotal | Status | Flags |
|---|---|---|---|---|---|---|
| r-devel-linux-x86_64-debian-clang | 0.6.10 | 45.46 | 59.21 | 104.67 | OK | |
| r-devel-linux-x86_64-debian-gcc | 0.6.10 | 35.86 | 44.22 | 80.08 | OK | |
| r-devel-linux-x86_64-fedora-clang | 0.6.10 | 76.00 | 84.16 | 160.16 | OK | |
| r-devel-linux-x86_64-fedora-gcc | 0.6.10 | 104.00 | 88.38 | 192.38 | OK | |
| r-devel-windows-x86_64 | 0.6.10 | 181.00 | 121.00 | 302.00 | OK | |
| r-patched-linux-x86_64 | 0.6.10 | 48.82 | 55.20 | 104.02 | OK | |
| r-release-linux-x86_64 | 0.6.10 | 48.09 | 54.89 | 102.98 | OK | |
| r-release-macos-arm64 | 0.6.10 | 23.00 | 34.00 | 57.00 | OK | |
| r-release-macos-x86_64 | 0.6.10 | 25.00 | 81.00 | 106.00 | OK | |
| r-release-windows-x86_64 | 0.6.10 | 135.00 | 143.00 | 278.00 | OK | |
| r-oldrel-macos-arm64 | 0.6.10 | 32.00 | 128.00 | 160.00 | NOTE | |
| r-oldrel-macos-x86_64 | 0.6.10 | 22.00 | 78.00 | 100.00 | NOTE | |
| r-oldrel-windows-x86_64 | 0.6.10 | 136.00 | 136.00 | 272.00 | NOTE |
Version: 0.6.10
Check: installed package size
Result: NOTE
installed size is 7.5Mb
sub-directories of 1Mb or more:
libs 6.2Mb
Flavors: r-oldrel-macos-arm64, r-oldrel-macos-x86_64, r-oldrel-windows-x86_64
Version: 0.6.10
Check: for GNU extensions in Makefiles
Result: NOTE
GNU make is a SystemRequirements.
Flavors: r-oldrel-macos-arm64, r-oldrel-macos-x86_64, r-oldrel-windows-x86_64