Last updated on 2024-08-05 09:48:16 CEST.
Flavor | Version | Tinstall | Tcheck | Ttotal | Status | Flags |
---|---|---|---|---|---|---|
r-devel-linux-x86_64-debian-clang | 0.3.4.0.0 | 73.26 | 49.09 | 122.35 | OK | |
r-devel-linux-x86_64-debian-gcc | 0.3.4.0.0 | 43.22 | 32.62 | 75.84 | OK | |
r-devel-linux-x86_64-fedora-gcc | 0.3.4.0.0 | 197.15 | OK | |||
r-devel-windows-x86_64 | 0.3.4.0.0 | 66.00 | 252.00 | 318.00 | NOTE | |
r-patched-linux-x86_64 | 0.3.4.0.0 | 52.39 | 40.75 | 93.14 | OK | |
r-release-linux-x86_64 | 0.3.4.0.0 | 66.36 | 52.48 | 118.84 | OK | |
r-release-macos-arm64 | 0.3.4.0.0 | 89.00 | NOTE | |||
r-release-macos-x86_64 | 0.3.4.0.0 | 165.00 | NOTE | |||
r-release-windows-x86_64 | 0.3.4.0.0 | 70.00 | 215.00 | 285.00 | NOTE | |
r-oldrel-macos-arm64 | 0.3.4.0.0 | 106.00 | NOTE | |||
r-oldrel-macos-x86_64 | 0.3.4.0.0 | 307.00 | NOTE | |||
r-oldrel-windows-x86_64 | 0.3.4.0.0 | 73.00 | 212.00 | 285.00 | NOTE |
Version: 0.3.4.0.0
Check: installed package size
Result: NOTE
installed size is 11.2Mb
sub-directories of 1Mb or more:
include 9.6Mb
libs 1.2Mb
Flavors: r-devel-windows-x86_64, r-release-macos-arm64, r-release-macos-x86_64, r-release-windows-x86_64, r-oldrel-macos-arm64, r-oldrel-macos-x86_64, r-oldrel-windows-x86_64