Last updated on 2024-08-05 09:48:16 CEST.
Flavor | Version | Tinstall | Tcheck | Ttotal | Status | Flags |
---|---|---|---|---|---|---|
r-devel-linux-x86_64-debian-clang | 0.0.2 | 18.40 | 32.08 | 50.48 | OK | |
r-devel-linux-x86_64-debian-gcc | 0.0.2 | 10.35 | 19.42 | 29.77 | OK | |
r-devel-linux-x86_64-fedora-gcc | 0.0.2 | 71.89 | NOTE | |||
r-devel-windows-x86_64 | 0.0.2 | 22.00 | 84.00 | 106.00 | OK | |
r-patched-linux-x86_64 | 0.0.2 | 14.94 | 24.22 | 39.16 | OK | |
r-release-linux-x86_64 | 0.0.2 | 18.45 | 30.53 | 48.98 | OK | |
r-release-macos-arm64 | 0.0.2 | 21.00 | OK | |||
r-release-macos-x86_64 | 0.0.2 | 34.00 | OK | |||
r-release-windows-x86_64 | 0.0.2 | 21.00 | 69.00 | 90.00 | OK | |
r-oldrel-macos-arm64 | 0.0.2 | 28.00 | OK | |||
r-oldrel-macos-x86_64 | 0.0.2 | 40.00 | OK | |||
r-oldrel-windows-x86_64 | 0.0.2 | 24.00 | 73.00 | 97.00 | OK |
Version: 0.0.2
Check: data for non-ASCII characters
Result: NOTE
Note: found 1 marked UTF-8 string
Flavor: r-devel-linux-x86_64-fedora-gcc