Last updated on 2025-10-22 09:50:48 CEST.
Flavor | Version | Tinstall | Tcheck | Ttotal | Status | Flags |
---|---|---|---|---|---|---|
r-devel-linux-x86_64-debian-clang | 0.3.7 | 38.43 | 66.12 | 104.55 | NOTE | |
r-devel-linux-x86_64-debian-gcc | 0.3.7 | 28.62 | 49.69 | 78.31 | NOTE | |
r-devel-linux-x86_64-fedora-clang | 0.3.7 | 104.00 | 75.89 | 179.89 | NOTE | |
r-devel-linux-x86_64-fedora-gcc | 0.3.7 | 72.00 | 112.47 | 184.47 | NOTE | |
r-devel-windows-x86_64 | 0.3.7 | 38.00 | 105.00 | 143.00 | NOTE | |
r-patched-linux-x86_64 | 0.3.7 | 37.19 | 65.43 | 102.62 | NOTE | |
r-release-linux-x86_64 | 0.3.7 | 37.83 | 64.52 | 102.35 | NOTE | |
r-release-macos-arm64 | 0.3.7 | 17.00 | 47.00 | 64.00 | NOTE | |
r-release-macos-x86_64 | 0.3.7 | 29.00 | 70.00 | 99.00 | NOTE | |
r-release-windows-x86_64 | 0.3.7 | 38.00 | 103.00 | 141.00 | NOTE | |
r-oldrel-macos-arm64 | 0.3.7 | 16.00 | 37.00 | 53.00 | NOTE | |
r-oldrel-macos-x86_64 | 0.3.7 | 23.00 | 59.00 | 82.00 | NOTE | |
r-oldrel-windows-x86_64 | 0.3.7 | 45.00 | 122.00 | 167.00 | NOTE |
Version: 0.3.7
Check: C++ specification
Result: NOTE
Specified C++11: please drop specification unless essential
Flavors: r-devel-linux-x86_64-debian-clang, r-devel-linux-x86_64-debian-gcc, r-devel-linux-x86_64-fedora-clang, r-devel-linux-x86_64-fedora-gcc, r-devel-windows-x86_64, r-patched-linux-x86_64, r-release-linux-x86_64, r-release-macos-arm64, r-release-macos-x86_64, r-release-windows-x86_64, r-oldrel-macos-arm64, r-oldrel-macos-x86_64, r-oldrel-windows-x86_64
Version: 0.3.7
Check: installed package size
Result: NOTE
installed size is 9.3Mb
sub-directories of 1Mb or more:
libs 9.1Mb
Flavors: r-oldrel-macos-arm64, r-oldrel-macos-x86_64